CRAN Package Check Results for Package mgwrsar

Last updated on 2019-10-31 00:50:59 CET.

Flavor Version Tinstall Tcheck Ttotal Status Flags
r-devel-linux-x86_64-debian-clang 0.1 61.63 681.83 743.46 WARN
r-devel-linux-x86_64-debian-gcc 0.1 53.95 516.89 570.84 OK
r-devel-linux-x86_64-fedora-clang 0.1 878.76 NOTE
r-devel-linux-x86_64-fedora-gcc 0.1 874.38 OK
r-devel-windows-ix86+x86_64 0.1 136.00 846.00 982.00 OK
r-patched-linux-x86_64 0.1 57.01 650.29 707.30 OK
r-patched-solaris-x86 0.1 229.80 WARN
r-release-linux-x86_64 0.1 55.53 642.56 698.09 OK
r-release-windows-ix86+x86_64 0.1 124.00 676.00 800.00 OK
r-release-osx-x86_64 0.1 WARN
r-oldrel-windows-ix86+x86_64 0.1 103.00 881.00 984.00 OK
r-oldrel-osx-x86_64 0.1 WARN

Check Details

Version: 0.1
Check: re-building of vignette outputs
Result: WARN
    Error(s) in re-building vignettes:
     ...
    --- re-building 'mgwrsar-basic_examples.Rmd' using rmarkdown
    Killed
Flavor: r-devel-linux-x86_64-debian-clang

Version: 0.1
Check: installed package size
Result: NOTE
     installed size is 20.7Mb
     sub-directories of 1Mb or more:
     doc 1.1Mb
     libs 19.1Mb
Flavors: r-devel-linux-x86_64-fedora-clang, r-release-osx-x86_64, r-oldrel-osx-x86_64

Version: 0.1
Check: re-building of vignette outputs
Result: WARN
    Error(s) in re-building vignettes:
     ...
    --- re-building ‘mgwrsar-basic_examples.Rmd’ using rmarkdown
    Warning in engine$weave(file, quiet = quiet, encoding = enc) :
     Pandoc (>= 1.12.3) and/or pandoc-citeproc not available. Falling back to R Markdown v1.
    Quitting from lines 91-94 (mgwrsar-basic_examples.Rmd)
    Error: processing vignette 'mgwrsar-basic_examples.Rmd' failed with diagnostics:
    there is no package called 'webshot'
    --- failed re-building ‘mgwrsar-basic_examples.Rmd’
    
    SUMMARY: processing the following file failed:
     ‘mgwrsar-basic_examples.Rmd’
    
    Error: Vignette re-building failed.
    Execution halted
Flavor: r-patched-solaris-x86

Version: 0.1
Check: re-building of vignette outputs
Result: WARN
    Error(s) in re-building vignettes:
     ...
    --- re-building ‘mgwrsar-basic_examples.Rmd’ using rmarkdown
    Warning in engine$weave(file, quiet = quiet, encoding = enc) :
     Pandoc (>= 1.12.3) and/or pandoc-citeproc not available. Falling back to R Markdown v1.
    Quitting from lines 91-94 (mgwrsar-basic_examples.Rmd)
    Error: processing vignette 'mgwrsar-basic_examples.Rmd' failed with diagnostics:
    cannot open the connection
    --- failed re-building ‘mgwrsar-basic_examples.Rmd’
    
    SUMMARY: processing the following file failed:
     ‘mgwrsar-basic_examples.Rmd’
    
    Error: Vignette re-building failed.
    Execution halted
Flavor: r-release-osx-x86_64

Version: 0.1
Check: re-building of vignette outputs
Result: WARN
    Error in re-building vignettes:
     ...
    Warning in engine$weave(file, quiet = quiet, encoding = enc) :
     Pandoc (>= 1.12.3) and/or pandoc-citeproc not available. Falling back to R Markdown v1.
    Quitting from lines 91-94 (mgwrsar-basic_examples.Rmd)
    Error: processing vignette 'mgwrsar-basic_examples.Rmd' failed with diagnostics:
    cannot open the connection
    Execution halted
Flavor: r-oldrel-osx-x86_64