Last updated on 2019-10-31 00:50:59 CET.
Flavor | Version | Tinstall | Tcheck | Ttotal | Status | Flags |
---|---|---|---|---|---|---|
r-devel-linux-x86_64-debian-clang | 2.5.1 | 37.85 | 98.88 | 136.73 | WARN | |
r-devel-linux-x86_64-debian-gcc | 2.5.1 | 31.02 | 73.64 | 104.66 | OK | |
r-devel-linux-x86_64-fedora-clang | 2.5.1 | 169.32 | WARN | |||
r-devel-linux-x86_64-fedora-gcc | 2.5.1 | 165.71 | OK | |||
r-devel-windows-ix86+x86_64 | 2.5.1 | 103.00 | 155.00 | 258.00 | OK | |
r-patched-linux-x86_64 | 2.5.1 | 33.80 | 90.76 | 124.56 | OK | |
r-patched-solaris-x86 | 2.5.1 | 230.80 | OK | |||
r-release-linux-x86_64 | 2.5.1 | 33.39 | 90.40 | 123.79 | OK | |
r-release-windows-ix86+x86_64 | 2.5.1 | 116.00 | 145.00 | 261.00 | OK | |
r-release-osx-x86_64 | 2.5.1 | WARN | ||||
r-oldrel-windows-ix86+x86_64 | 2.5.1 | 121.00 | 242.00 | 363.00 | OK | |
r-oldrel-osx-x86_64 | 2.5.1 | WARN |
Version: 2.5.1
Check: whether package can be installed
Result: WARN
Found the following significant warnings:
simcensor.cpp:91:16: warning: result of comparison of constant 18446744073709551615 with expression of type 'unsigned int' is always true [-Wtautological-constant-out-of-range-compare]
simcensor.cpp:91:41: warning: result of comparison of constant 18446744073709551615 with expression of type 'unsigned int' is always true [-Wtautological-constant-out-of-range-compare]
simcensor.cpp:95:17: warning: result of comparison of constant 18446744073709551615 with expression of type 'unsigned int' is always true [-Wtautological-constant-out-of-range-compare]
Flavors: r-devel-linux-x86_64-debian-clang, r-devel-linux-x86_64-fedora-clang, r-release-osx-x86_64, r-oldrel-osx-x86_64