Last updated on 2019-10-31 00:50:59 CET.
Flavor | Version | Tinstall | Tcheck | Ttotal | Status | Flags |
---|---|---|---|---|---|---|
r-devel-linux-x86_64-debian-clang | 0.2-2 | 32.35 | 76.03 | 108.38 | OK | |
r-devel-linux-x86_64-debian-gcc | 0.2-2 | 24.29 | 58.78 | 83.07 | OK | |
r-devel-linux-x86_64-fedora-clang | 0.2-2 | 143.25 | OK | |||
r-devel-linux-x86_64-fedora-gcc | 0.2-2 | 137.73 | OK | |||
r-devel-windows-ix86+x86_64 | 0.2-2 | 91.00 | 160.00 | 251.00 | OK | |
r-patched-linux-x86_64 | 0.2-2 | 25.91 | 75.05 | 100.96 | OK | |
r-patched-solaris-x86 | 0.2-2 | 2031.00 | WARN | |||
r-release-linux-x86_64 | 0.2-2 | 24.99 | 76.26 | 101.25 | OK | |
r-release-windows-ix86+x86_64 | 0.2-2 | 79.00 | 126.00 | 205.00 | NOTE | |
r-release-osx-x86_64 | 0.2-2 | OK | ||||
r-oldrel-windows-ix86+x86_64 | 0.2-2 | 56.00 | 160.00 | 216.00 | NOTE | |
r-oldrel-osx-x86_64 | 0.2-2 | OK |
Version: 0.2-2
Check: package dependencies
Result: NOTE
Packages suggested but not available for checking: 'REBayes', 'Rmosek'
Flavor: r-patched-solaris-x86
Version: 0.2-2
Check: Rd cross-references
Result: NOTE
Packages unavailable to check Rd xrefs: ‘REBayes’, ‘Rmosek’
Flavor: r-patched-solaris-x86
Version: 0.2-2
Check: re-building of vignette outputs
Result: WARN
Error(s) in re-building vignettes:
...
--- re-building ‘mixsqp-intro.Rmd’ using rmarkdown
Warning in engine$weave(file, quiet = quiet, encoding = enc) :
Pandoc (>= 1.12.3) and/or pandoc-citeproc not available. Falling back to R Markdown v1.
Flavor: r-patched-solaris-x86
Version: 0.2-2
Check: package dependencies
Result: NOTE
Package suggested but not available for checking: 'REBayes'
Flavors: r-release-windows-ix86+x86_64, r-oldrel-windows-ix86+x86_64
Version: 0.2-2
Check: Rd cross-references
Result: NOTE
Package unavailable to check Rd xrefs: 'REBayes'
Flavors: r-release-windows-ix86+x86_64, r-oldrel-windows-ix86+x86_64