CRAN Package Check Results for Package mlapi

Last updated on 2019-10-31 00:50:59 CET.

Flavor Version Tinstall Tcheck Ttotal Status Flags
r-devel-linux-x86_64-debian-clang 0.1.0 5.89 22.80 28.69 NOTE
r-devel-linux-x86_64-debian-gcc 0.1.0 4.91 18.31 23.22 NOTE
r-devel-linux-x86_64-fedora-clang 0.1.0 36.06 NOTE
r-devel-linux-x86_64-fedora-gcc 0.1.0 35.41 NOTE
r-devel-windows-ix86+x86_64 0.1.0 15.00 43.00 58.00 NOTE
r-patched-linux-x86_64 0.1.0 5.76 21.90 27.66 OK
r-patched-solaris-x86 0.1.0 49.60 NOTE
r-release-linux-x86_64 0.1.0 6.88 22.12 29.00 OK
r-release-windows-ix86+x86_64 0.1.0 11.00 33.00 44.00 OK
r-release-osx-x86_64 0.1.0 NOTE
r-oldrel-windows-ix86+x86_64 0.1.0 6.00 49.00 55.00 OK
r-oldrel-osx-x86_64 0.1.0 NOTE

Check Details

Version: 0.1.0
Check: package vignettes
Result: NOTE
    Package vignette with placeholder title 'Vignette Title':
     'developing-with-mlapi.Rmd'
Flavors: r-devel-linux-x86_64-debian-clang, r-devel-linux-x86_64-debian-gcc, r-devel-windows-ix86+x86_64

Version: 0.1.0
Check: dependencies in R code
Result: NOTE
    Namespaces in Imports field not imported from:
     ‘Matrix’ ‘R6’
     All declared Imports should be used.
Flavors: r-devel-linux-x86_64-fedora-clang, r-devel-linux-x86_64-fedora-gcc, r-patched-solaris-x86, r-release-osx-x86_64, r-oldrel-osx-x86_64