Last updated on 2019-10-31 00:51:00 CET.
Flavor | Version | Tinstall | Tcheck | Ttotal | Status | Flags |
---|---|---|---|---|---|---|
r-devel-linux-x86_64-debian-clang | 0.3.0 | 6.48 | 78.00 | 84.48 | OK | |
r-devel-linux-x86_64-debian-gcc | 0.3.0 | 5.75 | 58.14 | 63.89 | OK | |
r-devel-linux-x86_64-fedora-clang | 0.3.0 | 97.18 | NOTE | |||
r-devel-linux-x86_64-fedora-gcc | 0.3.0 | 97.50 | NOTE | |||
r-devel-windows-ix86+x86_64 | 0.3.0 | 24.00 | 93.00 | 117.00 | OK | |
r-patched-linux-x86_64 | 0.3.0 | 6.31 | 72.83 | 79.14 | OK | |
r-patched-solaris-x86 | 0.3.0 | 151.30 | NOTE | |||
r-release-linux-x86_64 | 0.3.0 | 5.11 | 71.97 | 77.08 | OK | |
r-release-windows-ix86+x86_64 | 0.3.0 | 25.00 | 96.00 | 121.00 | OK | |
r-release-osx-x86_64 | 0.3.0 | NOTE | ||||
r-oldrel-windows-ix86+x86_64 | 0.3.0 | 17.00 | 128.00 | 145.00 | OK | |
r-oldrel-osx-x86_64 | 0.3.0 | NOTE |
Version: 0.3.0
Check: dependencies in R code
Result: NOTE
Namespaces in Imports field not imported from:
‘MASS’ ‘caret’ ‘ggformula’ ‘knitr’ ‘testthat’ ‘tidyverse’
All declared Imports should be used.
Flavors: r-devel-linux-x86_64-fedora-clang, r-devel-linux-x86_64-fedora-gcc, r-patched-solaris-x86, r-release-osx-x86_64, r-oldrel-osx-x86_64