Last updated on 2019-10-31 00:51:00 CET.
Flavor | Version | Tinstall | Tcheck | Ttotal | Status | Flags |
---|---|---|---|---|---|---|
r-devel-linux-x86_64-debian-clang | 4.0.1 | 49.87 | 157.43 | 207.30 | OK | |
r-devel-linux-x86_64-debian-gcc | 4.0.1 | 38.48 | 114.60 | 153.08 | OK | |
r-devel-linux-x86_64-fedora-clang | 4.0.1 | 248.60 | OK | |||
r-devel-linux-x86_64-fedora-gcc | 4.0.1 | 246.81 | OK | |||
r-devel-windows-ix86+x86_64 | 4.0.1 | 95.00 | 325.00 | 420.00 | OK | |
r-patched-linux-x86_64 | 4.0.1 | 43.49 | 151.94 | 195.43 | OK | |
r-patched-solaris-x86 | 4.0.1 | 329.30 | OK | |||
r-release-linux-x86_64 | 4.0.1 | 43.42 | 152.70 | 196.12 | OK | |
r-release-windows-ix86+x86_64 | 4.0.1 | 98.00 | 257.00 | 355.00 | OK | |
r-release-osx-x86_64 | 4.0.1 | NOTE | ||||
r-oldrel-windows-ix86+x86_64 | 4.0.1 | 71.00 | 330.00 | 401.00 | OK | |
r-oldrel-osx-x86_64 | 4.0.1 | NOTE |
Version: 4.0.1
Check: installed package size
Result: NOTE
installed size is 5.9Mb
sub-directories of 1Mb or more:
libs 4.9Mb
Flavors: r-release-osx-x86_64, r-oldrel-osx-x86_64