Last updated on 2019-10-31 00:51:00 CET.
Flavor | Version | Tinstall | Tcheck | Ttotal | Status | Flags |
---|---|---|---|---|---|---|
r-devel-linux-x86_64-debian-clang | 0.1-11.1 | 2.54 | 19.24 | 21.78 | OK | |
r-devel-linux-x86_64-debian-gcc | 0.1-11.1 | 1.88 | 15.65 | 17.53 | OK | |
r-devel-linux-x86_64-fedora-clang | 0.1-11.1 | 27.26 | NOTE | |||
r-devel-linux-x86_64-fedora-gcc | 0.1-11.1 | 26.75 | NOTE | |||
r-devel-windows-ix86+x86_64 | 0.1-11.1 | 12.00 | 38.00 | 50.00 | OK | |
r-patched-linux-x86_64 | 0.1-11.1 | 2.11 | 18.65 | 20.76 | OK | |
r-patched-solaris-x86 | 0.1-11.1 | 39.80 | OK | |||
r-release-linux-x86_64 | 0.1-11.1 | 1.92 | 18.81 | 20.73 | OK | |
r-release-windows-ix86+x86_64 | 0.1-11.1 | 6.00 | 46.00 | 52.00 | OK | |
r-release-osx-x86_64 | 0.1-11.1 | OK | ||||
r-oldrel-windows-ix86+x86_64 | 0.1-11.1 | 6.00 | 33.00 | 39.00 | OK | |
r-oldrel-osx-x86_64 | 0.1-11.1 | OK |
Version: 0.1-11.1
Check: compiled code
Result: NOTE
File ‘mvnmle/libs/mvnmle.so’:
Found no calls to: ‘R_registerRoutines’, ‘R_useDynamicSymbols’
It is good practice to register native routines and to disable symbol
search.
See ‘Writing portable packages’ in the ‘Writing R Extensions’ manual.
Flavors: r-devel-linux-x86_64-fedora-clang, r-devel-linux-x86_64-fedora-gcc