CRAN Package Check Results for Package networkABC

Last updated on 2019-10-31 00:51:00 CET.

Flavor Version Tinstall Tcheck Ttotal Status Flags
r-devel-linux-x86_64-debian-clang 0.5-3 5.96 41.73 47.69 WARN
r-devel-linux-x86_64-debian-gcc 0.5-3 3.89 31.75 35.64 WARN
r-devel-linux-x86_64-fedora-clang 0.5-3 58.97 OK
r-devel-linux-x86_64-fedora-gcc 0.5-3 55.51 WARN
r-devel-windows-ix86+x86_64 0.5-3 24.00 71.00 95.00 OK
r-patched-linux-x86_64 0.5-3 4.71 39.13 43.84 OK
r-patched-solaris-x86 0.5-3 93.20 OK
r-release-linux-x86_64 0.5-3 4.40 39.38 43.78 OK
r-release-windows-ix86+x86_64 0.5-3 24.00 68.00 92.00 OK
r-release-osx-x86_64 0.5-3 OK
r-oldrel-windows-ix86+x86_64 0.5-3 14.00 103.00 117.00 OK
r-oldrel-osx-x86_64 0.5-3 OK

Check Details

Version: 0.5-3
Check: whether package can be installed
Result: WARN
    Found the following significant warnings:
     abc_R.c:188:16: warning: ignoring return value of function declared with 'warn_unused_result' attribute [-Wunused-result]
     abc_R.c:287:17: warning: ignoring return value of function declared with 'warn_unused_result' attribute [-Wunused-result]
Flavor: r-devel-linux-x86_64-debian-clang

Version: 0.5-3
Check: whether package can be installed
Result: WARN
    Found the following significant warnings:
     abc_R.c:188:16: warning: ignoring return value of ‘fscanf’, declared with attribute warn_unused_result [-Wunused-result]
     abc_R.c:287:17: warning: ignoring return value of ‘fscanf’, declared with attribute warn_unused_result [-Wunused-result]
Flavors: r-devel-linux-x86_64-debian-gcc, r-devel-linux-x86_64-fedora-gcc