Last updated on 2019-10-31 00:51:00 CET.
Flavor | Version | Tinstall | Tcheck | Ttotal | Status | Flags |
---|---|---|---|---|---|---|
r-devel-linux-x86_64-debian-clang | 1.0 | 1.53 | 14.49 | 16.02 | OK | |
r-devel-linux-x86_64-debian-gcc | 1.0 | 1.33 | 11.98 | 13.31 | OK | |
r-devel-linux-x86_64-fedora-clang | 1.0 | 20.23 | NOTE | |||
r-devel-linux-x86_64-fedora-gcc | 1.0 | 20.16 | OK | |||
r-devel-windows-ix86+x86_64 | 1.0 | 5.00 | 25.00 | 30.00 | NOTE | |
r-patched-linux-x86_64 | 1.0 | 1.54 | 14.24 | 15.78 | OK | |
r-patched-solaris-x86 | 1.0 | 32.00 | NOTE | |||
r-release-linux-x86_64 | 1.0 | 1.27 | 14.32 | 15.59 | OK | |
r-release-windows-ix86+x86_64 | 1.0 | 4.00 | 31.00 | 35.00 | NOTE | |
r-release-osx-x86_64 | 1.0 | NOTE | ||||
r-oldrel-windows-ix86+x86_64 | 1.0 | 2.00 | 21.00 | 23.00 | NOTE | |
r-oldrel-osx-x86_64 | 1.0 | NOTE |
Version: 1.0
Check: installed package size
Result: NOTE
installed size is 7.7Mb
sub-directories of 1Mb or more:
data 7.6Mb
Flavors: r-devel-linux-x86_64-fedora-clang, r-devel-windows-ix86+x86_64, r-patched-solaris-x86, r-release-windows-ix86+x86_64, r-release-osx-x86_64, r-oldrel-windows-ix86+x86_64, r-oldrel-osx-x86_64