Last updated on 2019-10-31 00:51:01 CET.
Flavor | Version | Tinstall | Tcheck | Ttotal | Status | Flags |
---|---|---|---|---|---|---|
r-devel-linux-x86_64-debian-clang | 0.1.1 | 5.41 | 44.91 | 50.32 | NOTE | |
r-devel-linux-x86_64-debian-gcc | 0.1.1 | 4.52 | 34.53 | 39.05 | NOTE | |
r-devel-linux-x86_64-fedora-clang | 0.1.1 | 61.33 | NOTE | |||
r-devel-linux-x86_64-fedora-gcc | 0.1.1 | 59.37 | NOTE | |||
r-devel-windows-ix86+x86_64 | 0.1.1 | 24.00 | 102.00 | 126.00 | NOTE | |
r-patched-linux-x86_64 | 0.1.1 | 4.63 | 41.67 | 46.30 | NOTE | |
r-patched-solaris-x86 | 0.1.1 | 89.40 | NOTE | |||
r-release-linux-x86_64 | 0.1.1 | 5.40 | 42.53 | 47.93 | NOTE | |
r-release-windows-ix86+x86_64 | 0.1.1 | 17.00 | 57.00 | 74.00 | NOTE | |
r-release-osx-x86_64 | 0.1.1 | NOTE | ||||
r-oldrel-windows-ix86+x86_64 | 0.1.1 | 10.00 | 91.00 | 101.00 | NOTE | |
r-oldrel-osx-x86_64 | 0.1.1 | NOTE |
Version: 0.1.1
Check: package dependencies
Result: NOTE
Package suggested but not available for checking: 'hurricaneexposuredata'
Flavors: r-devel-linux-x86_64-debian-clang, r-devel-linux-x86_64-debian-gcc, r-devel-linux-x86_64-fedora-clang, r-devel-linux-x86_64-fedora-gcc, r-devel-windows-ix86+x86_64, r-patched-linux-x86_64, r-patched-solaris-x86, r-release-linux-x86_64, r-release-windows-ix86+x86_64, r-release-osx-x86_64, r-oldrel-windows-ix86+x86_64, r-oldrel-osx-x86_64
Version: 0.1.1
Check: dependencies in R code
Result: NOTE
Namespaces in Imports field not imported from:
‘RColorBrewer’ ‘XML’ ‘choroplethr’ ‘choroplethrMaps’ ‘data.table’
‘forcats’ ‘hurricaneexposure’ ‘plyr’
All declared Imports should be used.
Flavors: r-devel-linux-x86_64-fedora-clang, r-devel-linux-x86_64-fedora-gcc, r-patched-solaris-x86, r-release-osx-x86_64, r-oldrel-osx-x86_64