CRAN Package Check Results for Package nodeHarvest

Last updated on 2019-10-31 00:51:01 CET.

Flavor Version Tinstall Tcheck Ttotal Status Flags
r-devel-linux-x86_64-debian-clang 0.7-3 2.94 23.28 26.22 NOTE
r-devel-linux-x86_64-debian-gcc 0.7-3 2.21 18.31 20.52 NOTE
r-devel-linux-x86_64-fedora-clang 0.7-3 32.37 NOTE
r-devel-linux-x86_64-fedora-gcc 0.7-3 31.29 NOTE
r-devel-windows-ix86+x86_64 0.7-3 12.00 48.00 60.00 NOTE
r-patched-linux-x86_64 0.7-3 2.08 22.60 24.68 NOTE
r-patched-solaris-x86 0.7-3 46.20 NOTE
r-release-linux-x86_64 0.7-3 2.02 22.96 24.98 NOTE
r-release-windows-ix86+x86_64 0.7-3 8.00 33.00 41.00 NOTE
r-release-osx-x86_64 0.7-3 NOTE
r-oldrel-windows-ix86+x86_64 0.7-3 3.00 50.00 53.00 NOTE
r-oldrel-osx-x86_64 0.7-3 NOTE

Check Details

Version: 0.7-3
Check: R code for possible problems
Result: NOTE
    makeRules: no visible global function definition for 'sd'
    makeRules: no visible global function definition for 'rnorm'
    nodeHarvest: no visible global function definition for 'capture.output'
    nodeHarvest: no visible global function definition for 'lm'
    nodeHarvest: no visible global function definition for 'coef'
    plot.nodeHarvest: no visible global function definition for 'rgb'
    Undefined global functions or variables:
     capture.output coef lm rgb rnorm sd
    Consider adding
     importFrom("grDevices", "rgb")
     importFrom("stats", "coef", "lm", "rnorm", "sd")
     importFrom("utils", "capture.output")
    to your NAMESPACE file.
Flavors: r-devel-linux-x86_64-debian-clang, r-devel-linux-x86_64-debian-gcc, r-devel-linux-x86_64-fedora-clang, r-devel-linux-x86_64-fedora-gcc, r-devel-windows-ix86+x86_64, r-patched-linux-x86_64, r-patched-solaris-x86, r-release-linux-x86_64, r-release-windows-ix86+x86_64, r-release-osx-x86_64, r-oldrel-windows-ix86+x86_64, r-oldrel-osx-x86_64