CRAN Package Check Results for Package noteMD

Last updated on 2019-10-31 00:51:01 CET.

Flavor Version Tinstall Tcheck Ttotal Status Flags
r-devel-linux-x86_64-debian-clang 0.1.0 1.57 19.00 20.57 NOTE
r-devel-linux-x86_64-debian-gcc 0.1.0 1.35 15.28 16.63 NOTE
r-devel-linux-x86_64-fedora-clang 0.1.0 26.60 OK
r-devel-linux-x86_64-fedora-gcc 0.1.0 25.59 OK
r-devel-windows-ix86+x86_64 0.1.0 8.00 60.00 68.00 NOTE
r-patched-linux-x86_64 0.1.0 1.34 18.38 19.72 OK
r-patched-solaris-x86 0.1.0 38.70 ERROR
r-release-linux-x86_64 0.1.0 1.10 18.38 19.48 OK
r-release-windows-ix86+x86_64 0.1.0 5.00 35.00 40.00 OK
r-release-osx-x86_64 0.1.0 ERROR
r-oldrel-windows-ix86+x86_64 0.1.0 2.00 47.00 49.00 OK
r-oldrel-osx-x86_64 0.1.0 ERROR

Check Details

Version: 0.1.0
Check: package vignettes
Result: NOTE
    Package vignette with placeholder title 'Vignette Title':
     'notemd-vignette.Rmd'
Flavors: r-devel-linux-x86_64-debian-clang, r-devel-linux-x86_64-debian-gcc, r-devel-windows-ix86+x86_64

Version: 0.1.0
Check: examples
Result: ERROR
    Running examples in ‘noteMD-Ex.R’ failed
    The error most likely occurred in:
    
    > ### Name: note_in_html
    > ### Title: Print text input in html
    > ### Aliases: note_in_html
    >
    > ### ** Examples
    >
    > note_in_html("Please write note using **Markdown** syntax! ")
    sh: +RTS: not found
    Warning in system(command) : error in running command
    Error: pandoc document conversion failed with error 127
    Execution halted
Flavor: r-patched-solaris-x86

Version: 0.1.0
Check: examples
Result: ERROR
    Running examples in ‘noteMD-Ex.R’ failed
    The error most likely occurred in:
    
    > ### Name: note_in_html
    > ### Title: Print text input in html
    > ### Aliases: note_in_html
    >
    > ### ** Examples
    >
    > note_in_html("Please write note using **Markdown** syntax! ")
    sh: +RTS: command not found
    Warning in system(command) : error in running command
    Error: pandoc document conversion failed with error 127
    Execution halted
Flavors: r-release-osx-x86_64, r-oldrel-osx-x86_64