CRAN Package Check Results for Package npphen

Last updated on 2019-10-31 00:51:01 CET.

Flavor Version Tinstall Tcheck Ttotal Status Flags
r-devel-linux-x86_64-debian-clang 1.1-0 12.72 108.66 121.38 OK
r-devel-linux-x86_64-debian-gcc 1.1-0 12.43 85.56 97.99 OK
r-devel-linux-x86_64-fedora-clang 1.1-0 148.09 NOTE
r-devel-linux-x86_64-fedora-gcc 1.1-0 148.51 NOTE
r-devel-windows-ix86+x86_64 1.1-0 47.00 147.00 194.00 OK
r-patched-linux-x86_64 1.1-0 13.93 105.01 118.94 OK
r-patched-solaris-x86 1.1-0 235.50 NOTE
r-release-linux-x86_64 1.1-0 12.53 102.90 115.43 OK
r-release-windows-ix86+x86_64 1.1-0 48.00 141.00 189.00 OK
r-release-osx-x86_64 1.1-0 NOTE
r-oldrel-windows-ix86+x86_64 1.1-0 26.00 146.00 172.00 OK
r-oldrel-osx-x86_64 1.1-0 NOTE

Check Details

Version: 1.1-0
Check: dependencies in R code
Result: NOTE
    Namespace in Imports field not imported from: ‘rts’
     All declared Imports should be used.
Flavors: r-devel-linux-x86_64-fedora-clang, r-devel-linux-x86_64-fedora-gcc, r-patched-solaris-x86, r-release-osx-x86_64, r-oldrel-osx-x86_64