CRAN Package Check Results for Package officer

Last updated on 2019-10-31 00:51:01 CET.

Flavor Version Tinstall Tcheck Ttotal Status Flags
r-devel-linux-x86_64-debian-clang 0.3.5 86.88 97.94 184.82 OK
r-devel-linux-x86_64-debian-gcc 0.3.5 59.87 72.83 132.70 OK
r-devel-linux-x86_64-fedora-clang 0.3.5 239.00 OK
r-devel-linux-x86_64-fedora-gcc 0.3.5 224.27 OK
r-devel-windows-ix86+x86_64 0.3.5 177.00 297.00 474.00 OK
r-patched-linux-x86_64 0.3.5 66.25 91.92 158.17 OK
r-patched-solaris-x86 0.3.5 236.90 NOTE
r-release-linux-x86_64 0.3.5 65.89 92.11 158.00 OK
r-release-windows-ix86+x86_64 0.3.5 191.00 193.00 384.00 OK
r-release-osx-x86_64 0.3.5 OK
r-oldrel-windows-ix86+x86_64 0.3.5 123.00 277.00 400.00 OK
r-oldrel-osx-x86_64 0.3.5 OK

Check Details

Version: 0.3.5
Check: package dependencies
Result: NOTE
    Package suggested but not available for checking: ‘rsvg’
Flavor: r-patched-solaris-x86