Last updated on 2019-10-31 00:51:01 CET.
Flavor | Version | Tinstall | Tcheck | Ttotal | Status | Flags |
---|---|---|---|---|---|---|
r-devel-linux-x86_64-debian-clang | 0.1 | 74.23 | 77.20 | 151.43 | OK | |
r-devel-linux-x86_64-debian-gcc | 0.1 | 46.29 | 28.87 | 75.16 | OK | |
r-devel-linux-x86_64-fedora-gcc | 0.1 | 174.52 | OK | |||
r-devel-windows-ix86+x86_64 | 0.1 | 292.00 | 120.00 | 412.00 | NOTE | |
r-patched-linux-x86_64 | 0.1 | 56.03 | 76.57 | 132.60 | OK | |
r-release-linux-x86_64 | 0.1 | 55.71 | 76.47 | 132.18 | OK | |
r-release-windows-ix86+x86_64 | 0.1 | 287.00 | 102.00 | 389.00 | NOTE | |
r-release-osx-x86_64 | 0.1 | NOTE | ||||
r-oldrel-windows-ix86+x86_64 | 0.1 | 221.00 | 141.00 | 362.00 | NOTE | |
r-oldrel-osx-x86_64 | 0.1 | NOTE |
Version: 0.1
Check: installed package size
Result: NOTE
installed size is 29.8Mb
sub-directories of 1Mb or more:
libs 20.0Mb
share 9.7Mb
Flavors: r-devel-windows-ix86+x86_64, r-release-windows-ix86+x86_64, r-release-osx-x86_64, r-oldrel-windows-ix86+x86_64, r-oldrel-osx-x86_64