CRAN Package Check Results for Package openxlsx

Last updated on 2019-10-31 00:51:01 CET.

Flavor Version Tinstall Tcheck Ttotal Status Flags
r-devel-linux-x86_64-debian-clang 4.1.2 110.76 91.86 202.62 OK
r-devel-linux-x86_64-debian-gcc 4.1.2 90.70 71.27 161.97 OK
r-devel-linux-x86_64-fedora-clang 4.1.2 287.69 NOTE
r-devel-linux-x86_64-fedora-gcc 4.1.2 286.04 OK
r-devel-windows-ix86+x86_64 4.1.0.1 224.00 268.00 492.00 OK
r-patched-linux-x86_64 4.1.2 96.82 89.06 185.88 OK
r-patched-solaris-x86 4.1.2 259.30 OK
r-release-linux-x86_64 4.1.0.1 90.80 95.02 185.82 OK
r-release-windows-ix86+x86_64 4.1.2 164.00 194.00 358.00 OK
r-release-osx-x86_64 4.1.0.1 NOTE
r-oldrel-windows-ix86+x86_64 4.1.0.1 167.00 278.00 445.00 OK
r-oldrel-osx-x86_64 4.1.0.1 NOTE

Check Details

Version: 4.1.2
Check: installed package size
Result: NOTE
     installed size is 7.4Mb
     sub-directories of 1Mb or more:
     extdata 1.0Mb
     libs 5.5Mb
Flavor: r-devel-linux-x86_64-fedora-clang

Version: 4.1.0.1
Check: installed package size
Result: NOTE
     installed size is 6.0Mb
     sub-directories of 1Mb or more:
     libs 4.1Mb
Flavors: r-release-osx-x86_64, r-oldrel-osx-x86_64