Last updated on 2019-10-31 00:51:01 CET.
Flavor | Version | Tinstall | Tcheck | Ttotal | Status | Flags |
---|---|---|---|---|---|---|
r-devel-linux-x86_64-debian-clang | 2.3-0 | 11.06 | 79.58 | 90.64 | OK | |
r-devel-linux-x86_64-debian-gcc | 2.3-0 | 8.41 | 62.43 | 70.84 | OK | |
r-devel-linux-x86_64-fedora-clang | 2.3-0 | 108.39 | NOTE | |||
r-devel-linux-x86_64-fedora-gcc | 2.3-0 | 108.81 | NOTE | |||
r-devel-windows-ix86+x86_64 | 2.3-0 | 43.00 | 180.00 | 223.00 | OK | |
r-patched-linux-x86_64 | 2.3-0 | 9.68 | 77.55 | 87.23 | OK | |
r-patched-solaris-x86 | 2.3-0 | 168.70 | OK | |||
r-release-linux-x86_64 | 2.3-0 | 9.06 | 76.55 | 85.61 | OK | |
r-release-windows-ix86+x86_64 | 2.3-0 | 40.00 | 126.00 | 166.00 | OK | |
r-release-osx-x86_64 | 2.3-0 | OK | ||||
r-oldrel-windows-ix86+x86_64 | 2.3-0 | 22.00 | 166.00 | 188.00 | OK | |
r-oldrel-osx-x86_64 | 2.3-0 | OK |
Version: 2.3-0
Check: compiled code
Result: NOTE
File ‘optpart/libs/optpart.so’:
Found no calls to: ‘R_registerRoutines’, ‘R_useDynamicSymbols’
It is good practice to register native routines and to disable symbol
search.
See ‘Writing portable packages’ in the ‘Writing R Extensions’ manual.
Flavors: r-devel-linux-x86_64-fedora-clang, r-devel-linux-x86_64-fedora-gcc