CRAN Package Check Results for Package ordinalForest

Last updated on 2019-10-31 00:51:01 CET.

Flavor Version Tinstall Tcheck Ttotal Status Flags
r-devel-linux-x86_64-debian-clang 2.3-1 63.97 37.50 101.47 OK
r-devel-linux-x86_64-debian-gcc 2.3-1 47.37 29.53 76.90 OK
r-devel-linux-x86_64-fedora-clang 2.3-1 148.83 NOTE
r-devel-linux-x86_64-fedora-gcc 2.3-1 127.38 NOTE
r-devel-windows-ix86+x86_64 2.3-1 179.00 102.00 281.00 OK
r-patched-linux-x86_64 2.3-1 48.04 36.45 84.49 OK
r-patched-solaris-x86 2.3-1 265.90 NOTE
r-release-linux-x86_64 2.3-1 53.68 36.11 89.79 OK
r-release-windows-ix86+x86_64 2.3-1 171.00 67.00 238.00 OK
r-release-osx-x86_64 2.3-1 NOTE
r-oldrel-windows-ix86+x86_64 2.3-1 125.00 105.00 230.00 OK
r-oldrel-osx-x86_64 2.3-1 NOTE

Check Details

Version: 2.3-1
Check: installed package size
Result: NOTE
     installed size is 5.7Mb
     sub-directories of 1Mb or more:
     libs 5.5Mb
Flavor: r-devel-linux-x86_64-fedora-clang

Version: 2.3-1
Check: dependencies in R code
Result: NOTE
    Namespace in Imports field not imported from: ‘ggplot2’
     All declared Imports should be used.
Flavors: r-devel-linux-x86_64-fedora-clang, r-devel-linux-x86_64-fedora-gcc, r-patched-solaris-x86, r-release-osx-x86_64, r-oldrel-osx-x86_64