CRAN Package Check Results for Package oro.nifti

Last updated on 2019-10-31 00:51:01 CET.

Flavor Version Tinstall Tcheck Ttotal Status Flags
r-devel-linux-x86_64-debian-clang 0.9.1 15.08 83.41 98.49 NOTE
r-devel-linux-x86_64-debian-gcc 0.9.1 12.65 63.75 76.40 NOTE
r-devel-linux-x86_64-fedora-clang 0.9.1 124.92 NOTE
r-devel-linux-x86_64-fedora-gcc 0.9.1 119.79 NOTE
r-devel-windows-ix86+x86_64 0.9.1 54.00 124.00 178.00 NOTE
r-patched-linux-x86_64 0.9.1 13.12 80.75 93.87 OK
r-patched-solaris-x86 0.9.1 151.60 NOTE
r-release-linux-x86_64 0.9.1 16.18 80.77 96.95 OK
r-release-windows-ix86+x86_64 0.9.1 40.00 95.00 135.00 NOTE
r-release-osx-x86_64 0.9.1 NOTE
r-oldrel-windows-ix86+x86_64 0.9.1 20.00 137.00 157.00 NOTE
r-oldrel-osx-x86_64 0.9.1 NOTE

Check Details

Version: 0.9.1
Check: for non-standard things in the check directory
Result: NOTE
    Found the following files/directories:
     'test-afni-image.BRIK' 'test-afni-image.HEAD'
     'test-anlz-image-uint8.hdr.gz' 'test-anlz-image-uint8.img.gz'
     'test-nifti-image-uint8.nii.gz'
Flavors: r-devel-linux-x86_64-debian-clang, r-devel-linux-x86_64-debian-gcc, r-devel-linux-x86_64-fedora-clang, r-devel-linux-x86_64-fedora-gcc

Version: 0.9.1
Check: package dependencies
Result: NOTE
    Package which this enhances but not available for checking: ‘fmri’
Flavor: r-devel-linux-x86_64-fedora-clang

Version: 0.9.1
Check: installed package size
Result: NOTE
     installed size is 6.6Mb
     sub-directories of 1Mb or more:
     nifti 3.8Mb
Flavors: r-devel-linux-x86_64-fedora-clang, r-devel-windows-ix86+x86_64, r-patched-solaris-x86, r-release-windows-ix86+x86_64, r-release-osx-x86_64, r-oldrel-windows-ix86+x86_64, r-oldrel-osx-x86_64