CRAN Package Check Results for Package pdc

Last updated on 2019-10-31 00:51:02 CET.

Flavor Version Tinstall Tcheck Ttotal Status Flags
r-devel-linux-x86_64-debian-clang 1.0.3 9.88 25.27 35.15 OK
r-devel-linux-x86_64-debian-gcc 1.0.3 12.04 20.11 32.15 OK
r-devel-linux-x86_64-fedora-clang 1.0.3 48.05 NOTE
r-devel-linux-x86_64-fedora-gcc 1.0.3 50.84 NOTE
r-devel-windows-ix86+x86_64 1.0.3 40.00 61.00 101.00 OK
r-patched-linux-x86_64 1.0.3 10.36 24.68 35.04 OK
r-patched-solaris-x86 1.0.3 69.30 OK
r-release-linux-x86_64 1.0.3 10.04 24.46 34.50 OK
r-release-windows-ix86+x86_64 1.0.3 43.00 42.00 85.00 OK
r-release-osx-x86_64 1.0.3 OK
r-oldrel-windows-ix86+x86_64 1.0.3 27.00 63.00 90.00 OK
r-oldrel-osx-x86_64 1.0.3 OK

Check Details

Version: 1.0.3
Check: compiled code
Result: NOTE
    File ‘pdc/libs/pdc.so’:
     Found no calls to: ‘R_registerRoutines’, ‘R_useDynamicSymbols’
    
    It is good practice to register native routines and to disable symbol
    search.
    
    See ‘Writing portable packages’ in the ‘Writing R Extensions’ manual.
Flavors: r-devel-linux-x86_64-fedora-clang, r-devel-linux-x86_64-fedora-gcc