Last updated on 2019-10-31 00:51:02 CET.
Flavor | Version | Tinstall | Tcheck | Ttotal | Status | Flags |
---|---|---|---|---|---|---|
r-devel-linux-x86_64-debian-clang | 2.5.5 | 54.18 | 239.49 | 293.67 | OK | |
r-devel-linux-x86_64-debian-gcc | 2.5.5 | 37.21 | 188.00 | 225.21 | OK | |
r-devel-linux-x86_64-fedora-clang | 2.5.5 | 384.71 | OK | |||
r-devel-linux-x86_64-fedora-gcc | 2.5.5 | 356.27 | OK | |||
r-devel-windows-ix86+x86_64 | 2.5.5 | 108.00 | 451.00 | 559.00 | OK | |
r-patched-linux-x86_64 | 2.5.5 | 38.07 | 238.95 | 277.02 | OK | |
r-patched-solaris-x86 | 2.5.5 | 440.60 | OK | |||
r-release-linux-x86_64 | 2.5.5 | 37.81 | 243.44 | 281.25 | OK | |
r-release-windows-ix86+x86_64 | 2.5.5 | 103.00 | 309.00 | 412.00 | NOTE | |
r-release-osx-x86_64 | 2.5.5 | NOTE | ||||
r-oldrel-windows-ix86+x86_64 | 2.5.5 | 73.00 | 391.00 | 464.00 | OK | |
r-oldrel-osx-x86_64 | 2.5.5 | OK |
Version: 2.5.5
Check: installed package size
Result: NOTE
installed size is 5.0Mb
sub-directories of 1Mb or more:
doc 1.1Mb
libs 1.7Mb
Flavor: r-release-windows-ix86+x86_64
Version: 2.5.5
Check: package dependencies
Result: NOTE
Package suggested but not available for checking: ‘Biostrings’
Flavor: r-release-osx-x86_64