Last updated on 2019-10-31 00:51:02 CET.
Flavor | Version | Tinstall | Tcheck | Ttotal | Status | Flags |
---|---|---|---|---|---|---|
r-devel-linux-x86_64-debian-clang | 0.1.1 | 92.74 | 63.15 | 155.89 | OK | |
r-devel-linux-x86_64-debian-gcc | 0.1.1 | 87.64 | 51.61 | 139.25 | OK | |
r-devel-linux-x86_64-fedora-clang | 0.1.1 | 232.28 | NOTE | |||
r-devel-linux-x86_64-fedora-gcc | 0.1.1 | 237.08 | NOTE | |||
r-devel-windows-ix86+x86_64 | 0.1.1 | 180.00 | 133.00 | 313.00 | OK | |
r-patched-linux-x86_64 | 0.1.1 | 100.70 | 62.54 | 163.24 | OK | |
r-patched-solaris-x86 | 0.1.1 | 211.30 | OK | |||
r-release-linux-x86_64 | 0.1.1 | 95.93 | 62.64 | 158.57 | OK | |
r-release-windows-ix86+x86_64 | 0.1.1 | 185.00 | 97.00 | 282.00 | OK | |
r-release-osx-x86_64 | 0.1.1 | NOTE | ||||
r-oldrel-windows-ix86+x86_64 | 0.1.1 | 139.00 | 146.00 | 285.00 | OK | |
r-oldrel-osx-x86_64 | 0.1.1 | NOTE |
Version: 0.1.1
Check: installed package size
Result: NOTE
installed size is 25.0Mb
sub-directories of 1Mb or more:
libs 24.9Mb
Flavors: r-devel-linux-x86_64-fedora-clang, r-release-osx-x86_64, r-oldrel-osx-x86_64
Version: 0.1.1
Check: compiled code
Result: NOTE
File ‘plac/libs/plac.so’:
Found no calls to: ‘R_registerRoutines’, ‘R_useDynamicSymbols’
It is good practice to register native routines and to disable symbol
search.
See ‘Writing portable packages’ in the ‘Writing R Extensions’ manual.
Flavors: r-devel-linux-x86_64-fedora-clang, r-devel-linux-x86_64-fedora-gcc