CRAN Package Check Results for Package plethem

Last updated on 2019-10-31 00:51:02 CET.

Flavor Version Tinstall Tcheck Ttotal Status Flags
r-devel-linux-x86_64-debian-clang 0.1.7 18.54 114.15 132.69 NOTE
r-devel-linux-x86_64-debian-gcc 0.1.7 16.06 86.63 102.69 NOTE
r-devel-linux-x86_64-fedora-clang 0.1.7 162.71 NOTE
r-devel-linux-x86_64-fedora-gcc 0.1.7 155.25 NOTE
r-devel-windows-ix86+x86_64 0.1.7 56.00 229.00 285.00 WARN
r-patched-linux-x86_64 0.1.7 16.83 107.16 123.99 OK
r-patched-solaris-x86 0.1.7 215.70 NOTE
r-release-linux-x86_64 0.1.7 16.70 110.32 127.02 OK
r-release-windows-ix86+x86_64 0.1.7 59.00 148.00 207.00 OK
r-release-osx-x86_64 0.1.7 NOTE
r-oldrel-windows-ix86+x86_64 0.1.7 53.00 230.00 283.00 OK
r-oldrel-osx-x86_64 0.1.7 NOTE

Check Details

Version: 0.1.7
Check: package vignettes
Result: NOTE
    Package vignette with placeholder title 'Vignette Title':
     'getting_started.Rmd'
Flavors: r-devel-linux-x86_64-debian-clang, r-devel-linux-x86_64-debian-gcc, r-devel-windows-ix86+x86_64

Version: 0.1.7
Check: dependencies in R code
Result: NOTE
    Namespaces in Imports field not imported from:
     ‘V8’ ‘devtools’ ‘formatR’ ‘gdata’ ‘rhandsontable’ ‘shinythemes’
     ‘sqldf’
     All declared Imports should be used.
Flavors: r-devel-linux-x86_64-fedora-clang, r-devel-linux-x86_64-fedora-gcc, r-patched-solaris-x86, r-release-osx-x86_64, r-oldrel-osx-x86_64

Version: 0.1.7
Check: R files for syntax errors
Result: WARN
    Warnings in file 'R/HT_IVIVE_InputModule.R':
     unable to translate ' <U+03BC>m' to native encoding
     unable to translate '<U+03BC>mol/min/mg Protein' to native encoding
     unable to translate '<U+03BC>L/min/mg Protein' to native encoding
     unable to translate '<U+03BC>L/h/mg Protein' to native encoding
     unable to translate '<U+03BC>L/min/mg Protein' to native encoding
     unable to translate '<U+03BC>L/h/mg Protein' to native encoding
     unable to translate '<U+03BC>L/min/mg Protein' to native encoding
     unable to translate '<U+03BC>L/h/mg Protein' to native encoding
    
    Warnings in file 'R/IVIVEGadget.R':
     unable to translate '<U+03BC>L/min/mg Protein' to native encoding
     unable to translate '<U+03BC>L/h/mg Protein' to native encoding
     unable to translate '<U+03BC>mol/min/mg Protein' to native encoding
     unable to translate '<U+03BC>L/min/mg Protein' to native encoding
     unable to translate '<U+03BC>L/h/mg Protein' to native encoding
     unable to translate '<U+03BC>L/min/mg Protein' to native encoding
     unable to translate '<U+03BC>L/h/mg Protein' to native encoding
    
    Warnings in file 'R/performIVIVEModule.R':
     unable to translate '<U+03BC>mol/min/10^6 hepatocytes' to native encoding
     unable to translate '<U+03BC>mol/min/mg Protein' to native encoding
     unable to translate '<U+03BC>L/min/mg Protein' to native encoding
     unable to translate '<U+03BC>L/h/mg Protein' to native encoding
     unable to translate '<U+03BC>L/min/mg Protein' to native encoding
     unable to translate '<U+03BC>L/h/mg Protein' to native encoding
     unable to translate '<U+03BC>L/min/mg Protein' to native encoding
     unable to translate '<U+03BC>L/h/mg Protein' to native encoding
Flavor: r-devel-windows-ix86+x86_64