Last updated on 2019-10-31 00:51:04 CET.
Flavor | Version | Tinstall | Tcheck | Ttotal | Status | Flags |
---|---|---|---|---|---|---|
r-devel-linux-x86_64-debian-clang | 0.8 | 8.64 | 277.31 | 285.95 | OK | |
r-devel-linux-x86_64-debian-gcc | 0.8 | 7.58 | 225.53 | 233.11 | OK | |
r-devel-linux-x86_64-fedora-clang | 0.8 | 337.54 | OK | |||
r-devel-linux-x86_64-fedora-gcc | 0.8 | 322.45 | OK | |||
r-devel-windows-ix86+x86_64 | 0.8 | 32.00 | 351.00 | 383.00 | OK | |
r-patched-linux-x86_64 | 0.8 | 8.41 | 267.49 | 275.90 | OK | |
r-patched-solaris-x86 | 0.8 | 389.00 | OK | |||
r-release-linux-x86_64 | 0.8 | 8.18 | 271.78 | 279.96 | OK | |
r-release-windows-ix86+x86_64 | 0.8 | 25.00 | 281.00 | 306.00 | OK | |
r-release-osx-x86_64 | 0.8 | NOTE | ||||
r-oldrel-windows-ix86+x86_64 | 0.8 | 13.00 | 355.00 | 368.00 | OK | |
r-oldrel-osx-x86_64 | 0.8 | OK |
Version: 0.8
Check: package dependencies
Result: NOTE
Package suggested but not available for checking: ‘PerfMeas’
Flavor: r-release-osx-x86_64