CRAN Package Check Results for Package preprosim

Last updated on 2019-10-31 00:51:04 CET.

Flavor Version Tinstall Tcheck Ttotal Status Flags
r-devel-linux-x86_64-debian-clang 0.2.0 4.79 183.16 187.95 OK
r-devel-linux-x86_64-debian-gcc 0.2.0 4.07 143.70 147.77 OK
r-devel-linux-x86_64-fedora-clang 0.2.0 213.27 NOTE
r-devel-linux-x86_64-fedora-gcc 0.2.0 212.51 NOTE
r-devel-windows-ix86+x86_64 0.2.0 22.00 236.00 258.00 OK
r-patched-linux-x86_64 0.2.0 4.26 176.04 180.30 OK
r-patched-solaris-x86 0.2.0 301.90 NOTE
r-release-linux-x86_64 0.2.0 4.31 175.92 180.23 OK
r-release-windows-ix86+x86_64 0.2.0 21.00 171.00 192.00 OK
r-release-osx-x86_64 0.2.0 NOTE
r-oldrel-windows-ix86+x86_64 0.2.0 13.00 248.00 261.00 OK
r-oldrel-osx-x86_64 0.2.0 NOTE

Check Details

Version: 0.2.0
Check: dependencies in R code
Result: NOTE
    Namespace in Imports field not imported from: ‘e1071’
     All declared Imports should be used.
Flavors: r-devel-linux-x86_64-fedora-clang, r-devel-linux-x86_64-fedora-gcc, r-patched-solaris-x86, r-release-osx-x86_64, r-oldrel-osx-x86_64