Last updated on 2019-10-31 00:51:04 CET.
Flavor | Version | Tinstall | Tcheck | Ttotal | Status | Flags |
---|---|---|---|---|---|---|
r-devel-linux-x86_64-debian-clang | 4.1.4 | 382.04 | 198.97 | 581.01 | NOTE | |
r-devel-linux-x86_64-debian-gcc | 4.1.4 | 294.35 | 151.32 | 445.67 | NOTE | |
r-devel-linux-x86_64-fedora-clang | 4.1.4 | 794.98 | NOTE | |||
r-devel-linux-x86_64-fedora-gcc | 4.1.4 | 772.57 | NOTE | |||
r-devel-windows-ix86+x86_64 | 4.1.4 | 1020.00 | 437.00 | 1457.00 | NOTE | |
r-patched-linux-x86_64 | 4.1.4 | 307.07 | 189.43 | 496.50 | NOTE | |
r-patched-solaris-x86 | 4.1.4 | 700.50 | NOTE | |||
r-release-linux-x86_64 | 4.1.4 | 315.48 | 188.79 | 504.27 | NOTE | |
r-release-windows-ix86+x86_64 | 4.1.4 | 1011.00 | 305.00 | 1316.00 | NOTE | |
r-release-osx-x86_64 | 4.1.4 | NOTE | ||||
r-oldrel-windows-ix86+x86_64 | 4.1.4 | 694.00 | 376.00 | 1070.00 | NOTE | |
r-oldrel-osx-x86_64 | 4.1.4 | NOTE |
Version: 4.1.4
Check: package dependencies
Result: NOTE
Package suggested but not available for checking: 'gurobi'
Flavors: r-devel-linux-x86_64-debian-clang, r-devel-linux-x86_64-debian-gcc, r-devel-linux-x86_64-fedora-clang, r-devel-linux-x86_64-fedora-gcc, r-devel-windows-ix86+x86_64, r-patched-linux-x86_64, r-release-linux-x86_64, r-release-windows-ix86+x86_64, r-oldrel-windows-ix86+x86_64
Version: 4.1.4
Check: installed package size
Result: NOTE
installed size is 17.2Mb
sub-directories of 1Mb or more:
doc 1.2Mb
libs 14.0Mb
Flavors: r-devel-linux-x86_64-fedora-clang, r-devel-windows-ix86+x86_64, r-release-windows-ix86+x86_64, r-release-osx-x86_64, r-oldrel-windows-ix86+x86_64, r-oldrel-osx-x86_64
Version: 4.1.4
Check: package dependencies
Result: NOTE
Packages suggested but not available for checking:
'gurobi', 'lpsymphony', 'Rsymphony'
Flavor: r-patched-solaris-x86
Version: 4.1.4
Check: package dependencies
Result: NOTE
Packages suggested but not available for checking: 'gurobi', 'Rsymphony'
Flavor: r-release-osx-x86_64
Version: 4.1.4
Check: package dependencies
Result: NOTE
Packages suggested but not available for checking:
‘gurobi’ ‘lpsymphony’ ‘Rsymphony’
Flavor: r-oldrel-osx-x86_64