CRAN Package Check Results for Package projpred

Last updated on 2019-10-31 00:51:04 CET.

Flavor Version Tinstall Tcheck Ttotal Status Flags
r-devel-linux-x86_64-debian-clang 1.1.4 38.02 361.06 399.08 OK
r-devel-linux-x86_64-debian-gcc 1.1.4 30.75 257.24 287.99 OK
r-devel-linux-x86_64-fedora-clang 1.1.4 465.67 OK
r-devel-linux-x86_64-fedora-gcc 1.1.4 465.19 OK
r-devel-windows-ix86+x86_64 1.1.4 100.00 713.00 813.00 OK
r-patched-linux-x86_64 1.1.4 31.46 347.00 378.46 OK
r-patched-solaris-x86 1.1.4 631.60 OK
r-release-linux-x86_64 1.1.4 32.97 49.42 82.39 ERROR
r-release-windows-ix86+x86_64 1.1.4 96.00 533.00 629.00 OK
r-release-osx-x86_64 1.1.4 OK
r-oldrel-windows-ix86+x86_64 1.1.4 64.00 703.00 767.00 OK
r-oldrel-osx-x86_64 1.1.4 OK

Additional issues

noLD

Check Details

Version: 1.1.4
Check: package dependencies
Result: NOTE
    Package suggested but not available for checking: ‘rstanarm’
Flavor: r-release-linux-x86_64

Version: 1.1.4
Check: tests
Result: ERROR
     Running ‘testthat.R’ [1s/1s]
    Running the tests in ‘tests/testthat.R’ failed.
    Complete output:
     > library(testthat)
     > library(projpred)
     This is projpred version 1.1.4.
     > library(rstanarm) # we need rstanarm for running the tests
     Error in library(rstanarm) : there is no package called 'rstanarm'
     Execution halted
Flavor: r-release-linux-x86_64

Version: 1.1.4
Check: re-building of vignette outputs
Result: WARN
    Error(s) in re-building vignettes:
     ...
    --- re-building ‘quickstart.Rmd’ using rmarkdown
    Quitting from lines 23-29 (quickstart.Rmd)
    Error: processing vignette 'quickstart.Rmd' failed with diagnostics:
    there is no package called 'rstanarm'
    --- failed re-building ‘quickstart.Rmd’
    
    SUMMARY: processing the following file failed:
     ‘quickstart.Rmd’
    
    Error: Vignette re-building failed.
    Execution halted
Flavor: r-release-linux-x86_64