CRAN Package Check Results for Package prototest

Last updated on 2019-10-31 00:51:04 CET.

Flavor Version Tinstall Tcheck Ttotal Status Flags
r-devel-linux-x86_64-debian-clang 1.2 78.48 83.55 162.03 OK
r-devel-linux-x86_64-debian-gcc 1.2 57.13 64.87 122.00 OK
r-devel-linux-x86_64-fedora-clang 1.2 210.01 NOTE
r-devel-linux-x86_64-fedora-gcc 1.2 200.71 NOTE
r-devel-windows-ix86+x86_64 1.2 157.00 167.00 324.00 OK
r-patched-linux-x86_64 1.2 58.12 80.54 138.66 OK
r-patched-solaris-x86 1.2 217.70 OK
r-release-linux-x86_64 1.2 59.61 80.04 139.65 OK
r-release-windows-ix86+x86_64 1.2 165.00 131.00 296.00 OK
r-release-osx-x86_64 1.2 OK
r-oldrel-windows-ix86+x86_64 1.2 101.00 174.00 275.00 OK
r-oldrel-osx-x86_64 1.2 OK

Check Details

Version: 1.2
Check: compiled code
Result: NOTE
    File ‘prototest/libs/prototest.so’:
     Found no calls to: ‘R_registerRoutines’, ‘R_useDynamicSymbols’
    
    It is good practice to register native routines and to disable symbol
    search.
    
    See ‘Writing portable packages’ in the ‘Writing R Extensions’ manual.
Flavors: r-devel-linux-x86_64-fedora-clang, r-devel-linux-x86_64-fedora-gcc