Last updated on 2019-10-31 00:51:04 CET.
Flavor | Version | Tinstall | Tcheck | Ttotal | Status | Flags |
---|---|---|---|---|---|---|
r-devel-linux-x86_64-debian-clang | 1.2 | 2.00 | 28.54 | 30.54 | NOTE | |
r-devel-linux-x86_64-debian-gcc | 1.2 | 1.66 | 22.38 | 24.04 | NOTE | |
r-devel-linux-x86_64-fedora-clang | 1.2 | 36.91 | NOTE | |||
r-devel-linux-x86_64-fedora-gcc | 1.2 | 36.42 | NOTE | |||
r-devel-windows-ix86+x86_64 | 1.2 | 9.00 | 48.00 | 57.00 | NOTE | |
r-patched-linux-x86_64 | 1.2 | 1.47 | 27.13 | 28.60 | NOTE | |
r-patched-solaris-x86 | 1.2 | 44.20 | NOTE | |||
r-release-linux-x86_64 | 1.2 | 1.68 | 27.26 | 28.94 | NOTE | |
r-release-windows-ix86+x86_64 | 1.2 | 7.00 | 31.00 | 38.00 | NOTE | |
r-release-osx-x86_64 | 1.2 | NOTE | ||||
r-oldrel-windows-ix86+x86_64 | 1.2 | 3.00 | 44.00 | 47.00 | NOTE | |
r-oldrel-osx-x86_64 | 1.2 | NOTE |
Version: 1.2
Check: package dependencies
Result: NOTE
Package suggested but not available for checking: 'rdt'
Flavors: r-devel-linux-x86_64-debian-clang, r-devel-linux-x86_64-debian-gcc, r-devel-linux-x86_64-fedora-clang, r-devel-linux-x86_64-fedora-gcc, r-devel-windows-ix86+x86_64, r-patched-linux-x86_64, r-patched-solaris-x86, r-release-linux-x86_64, r-release-windows-ix86+x86_64, r-release-osx-x86_64, r-oldrel-windows-ix86+x86_64, r-oldrel-osx-x86_64