CRAN Package Check Results for Package psychomix

Last updated on 2019-10-31 00:51:04 CET.

Flavor Version Tinstall Tcheck Ttotal Status Flags
r-devel-linux-x86_64-debian-clang 1.1-7 8.88 64.54 73.42 OK --no-vignettes
r-devel-linux-x86_64-debian-gcc 1.1-7 6.94 48.98 55.92 OK --no-vignettes
r-devel-linux-x86_64-fedora-clang 1.1-7 724.32 NOTE
r-devel-linux-x86_64-fedora-gcc 1.1-7 661.97 NOTE
r-devel-windows-ix86+x86_64 1.1-7 20.00 96.00 116.00 OK --no-vignettes
r-patched-linux-x86_64 1.1-7 6.90 61.93 68.83 OK --no-vignettes
r-patched-solaris-x86 1.1-7 1028.20 NOTE
r-release-linux-x86_64 1.1-7 7.55 61.96 69.51 OK --no-vignettes
r-release-windows-ix86+x86_64 1.1-7 19.00 94.00 113.00 OK --no-vignettes
r-release-osx-x86_64 1.1-7 OK
r-oldrel-windows-ix86+x86_64 1.1-7 10.00 93.00 103.00 OK --no-vignettes
r-oldrel-osx-x86_64 1.1-7 OK

Check Details

Version: 1.1-7
Check: running R code from vignettes
Result: NOTE
     ‘raschmix.Rnw’... [230s/598s] NOTE
    differences from ‘raschmix.Rout.save’
    85c85
    < item.Item04 1.5167299 -1.7742828
    ---
    > item.Item04 1.5167298 -1.7742828
    87c87
    < item.Item06 2.8198981 -2.9215417
    ---
    > item.Item06 2.8198982 -2.9215417
    91c91
    < item.Item10 5.2737456 -5.2640452
    ---
    > item.Item10 5.2737457 -5.2640452
     ‘scores.Rnw’... [72s/241s] OK
Flavor: r-devel-linux-x86_64-fedora-clang

Version: 1.1-7
Check: running R code from vignettes
Result: NOTE
     ‘raschmix.Rnw’... [209s/229s] NOTE
    differences from ‘raschmix.Rout.save’
    85c85
    < item.Item04 1.5167299 -1.7742828
    ---
    > item.Item04 1.5167298 -1.7742828
    87c87
    < item.Item06 2.8198981 -2.9215417
    ---
    > item.Item06 2.8198982 -2.9215417
    91c91
    < item.Item10 5.2737456 -5.2640452
    ---
    > item.Item10 5.2737457 -5.2640452
     ‘scores.Rnw’... [64s/71s] OK
Flavor: r-devel-linux-x86_64-fedora-gcc

Version: 1.1-7
Check: running R code from vignettes
Result: NOTE
     ‘raschmix.Rnw’... [360s/419s] NOTE
    differences from ‘raschmix.Rout.save’
    276c276
    < (Intercept) 0 -0.76273586 -3.674368
    ---
    > (Intercept) 0 -0.76273585 -3.674368
     ‘scores.Rnw’... [90s/104s] OK
Flavor: r-patched-solaris-x86