CRAN Package Check Results for Package qlcData

Last updated on 2019-10-31 00:51:04 CET.

Flavor Version Tinstall Tcheck Ttotal Status Flags
r-devel-linux-x86_64-debian-clang 0.2.1 4.78 47.25 52.03 WARN
r-devel-linux-x86_64-debian-gcc 0.2.1 3.63 37.34 40.97 OK
r-devel-linux-x86_64-fedora-clang 0.2.1 63.90 NOTE
r-devel-linux-x86_64-fedora-gcc 0.2.1 64.31 NOTE
r-devel-windows-ix86+x86_64 0.2.1 21.00 93.00 114.00 OK
r-patched-linux-x86_64 0.2.1 4.51 45.87 50.38 OK
r-patched-solaris-x86 0.2.1 95.40 NOTE
r-release-linux-x86_64 0.2.1 4.11 46.64 50.75 OK
r-release-windows-ix86+x86_64 0.2.1 17.00 62.00 79.00 OK
r-release-osx-x86_64 0.2.1 NOTE
r-oldrel-windows-ix86+x86_64 0.2.1 14.00 88.00 102.00 OK
r-oldrel-osx-x86_64 0.2.1 NOTE

Check Details

Version: 0.2.1
Check: re-building of vignette outputs
Result: WARN
    Error(s) in re-building vignettes:
     ...
    --- re-building 'orthography_processing.Rmd' using rmarkdown
    Quitting from lines 70-72 (orthography_processing.Rmd)
    Error: processing vignette 'orthography_processing.Rmd' failed with diagnostics:
    invalid multibyte string, element 8
    --- failed re-building 'orthography_processing.Rmd'
    
    --- re-building 'recoding_nominal_data.Rmd' using rmarkdown
    --- finished re-building 'recoding_nominal_data.Rmd'
    
    SUMMARY: processing the following file failed:
     'orthography_processing.Rmd'
    
    Error: Vignette re-building failed.
    Execution halted
Flavor: r-devel-linux-x86_64-debian-clang

Version: 0.2.1
Check: data for non-ASCII characters
Result: NOTE
     Note: found 1459 marked UTF-8 strings
Flavors: r-devel-linux-x86_64-fedora-clang, r-devel-linux-x86_64-fedora-gcc, r-patched-solaris-x86, r-release-osx-x86_64, r-oldrel-osx-x86_64