Last updated on 2019-10-31 00:51:04 CET.
Flavor | Version | Tinstall | Tcheck | Ttotal | Status | Flags |
---|---|---|---|---|---|---|
r-devel-linux-x86_64-debian-clang | 5.51 | 21.97 | 135.11 | 157.08 | OK | |
r-devel-linux-x86_64-debian-gcc | 5.51 | 20.35 | 103.10 | 123.45 | OK | |
r-devel-linux-x86_64-fedora-clang | 5.51 | 193.13 | OK | |||
r-devel-linux-x86_64-fedora-gcc | 5.51 | 193.26 | OK | |||
r-devel-windows-ix86+x86_64 | 5.51 | 84.00 | 273.00 | 357.00 | OK | |
r-patched-linux-x86_64 | 5.51 | 22.17 | 129.84 | 152.01 | OK | |
r-patched-solaris-x86 | 5.51 | 271.70 | OK | |||
r-release-linux-x86_64 | 5.51 | 21.48 | 130.02 | 151.50 | OK | |
r-release-windows-ix86+x86_64 | 5.51 | 78.00 | 198.00 | 276.00 | OK | |
r-release-osx-x86_64 | 5.51 | NOTE | ||||
r-oldrel-windows-ix86+x86_64 | 5.51 | 54.00 | 256.00 | 310.00 | OK | |
r-oldrel-osx-x86_64 | 5.51 | NOTE |
Version: 5.51
Check: dependencies in R code
Result: NOTE
No protocol specified
Flavors: r-release-osx-x86_64, r-oldrel-osx-x86_64