CRAN Package Check Results for Package rags2ridges

Last updated on 2019-10-31 00:51:05 CET.

Flavor Version Tinstall Tcheck Ttotal Status Flags
r-devel-linux-x86_64-debian-clang 2.2.1 59.80 188.90 248.70 OK
r-devel-linux-x86_64-debian-gcc 2.2.1 44.74 140.22 184.96 OK
r-devel-linux-x86_64-fedora-clang 2.2.1 302.69 NOTE
r-devel-linux-x86_64-fedora-gcc 2.2.1 298.17 NOTE
r-devel-windows-ix86+x86_64 2.2.1 140.00 404.00 544.00 OK
r-patched-linux-x86_64 2.2.1 45.26 177.40 222.66 OK
r-patched-solaris-x86 2.2.1 362.60 NOTE
r-release-linux-x86_64 2.2.1 48.93 179.78 228.71 OK
r-release-windows-ix86+x86_64 2.2.1 129.00 285.00 414.00 OK
r-release-osx-x86_64 2.2.1 NOTE
r-oldrel-windows-ix86+x86_64 2.2.1 125.00 393.00 518.00 OK
r-oldrel-osx-x86_64 2.2.1 NOTE

Check Details

Version: 2.2.1
Check: installed package size
Result: NOTE
     installed size is 5.3Mb
     sub-directories of 1Mb or more:
     libs 4.1Mb
Flavors: r-devel-linux-x86_64-fedora-clang, r-release-osx-x86_64, r-oldrel-osx-x86_64

Version: 2.2.1
Check: dependencies in R code
Result: NOTE
    Namespace in Imports field not imported from: ‘Rcpp’
     All declared Imports should be used.
Flavors: r-devel-linux-x86_64-fedora-clang, r-devel-linux-x86_64-fedora-gcc, r-patched-solaris-x86, r-release-osx-x86_64, r-oldrel-osx-x86_64