Last updated on 2019-10-31 00:51:05 CET.
Flavor | Version | Tinstall | Tcheck | Ttotal | Status | Flags |
---|---|---|---|---|---|---|
r-devel-linux-x86_64-debian-clang | 0.1.2 | 3.39 | 45.79 | 49.18 | OK | |
r-devel-linux-x86_64-debian-gcc | 0.1.2 | 3.09 | 35.82 | 38.91 | OK | |
r-devel-linux-x86_64-fedora-clang | 0.1.2 | 57.36 | NOTE | |||
r-devel-linux-x86_64-fedora-gcc | 0.1.2 | 56.59 | NOTE | |||
r-devel-windows-ix86+x86_64 | 0.1.2 | 25.00 | 84.00 | 109.00 | OK | |
r-patched-linux-x86_64 | 0.1.2 | 3.28 | 44.36 | 47.64 | OK | |
r-patched-solaris-x86 | 0.1.2 | 78.90 | NOTE | |||
r-release-linux-x86_64 | 0.1.2 | 3.20 | 44.26 | 47.46 | OK | |
r-release-windows-ix86+x86_64 | 0.1.2 | 19.00 | 73.00 | 92.00 | OK | |
r-release-osx-x86_64 | 0.1.2 | NOTE | ||||
r-oldrel-windows-ix86+x86_64 | 0.1.2 | 13.00 | 79.00 | 92.00 | OK | |
r-oldrel-osx-x86_64 | 0.1.2 | NOTE |
Version: 0.1.2
Check: dependencies in R code
Result: NOTE
Namespaces in Imports field not imported from:
‘ENMeval’ ‘MASS’ ‘biomod2’ ‘dismo’ ‘dplyr’ ‘ecospat’ ‘googlesheets’
‘jsonlite’ ‘rgbif’ ‘rgdal’ ‘rgeos’ ‘sp’ ‘spThin’ ‘spatstat’
All declared Imports should be used.
Flavors: r-devel-linux-x86_64-fedora-clang, r-devel-linux-x86_64-fedora-gcc, r-patched-solaris-x86, r-release-osx-x86_64, r-oldrel-osx-x86_64