Last updated on 2019-10-31 00:51:05 CET.
Flavor | Version | Tinstall | Tcheck | Ttotal | Status | Flags |
---|---|---|---|---|---|---|
r-devel-linux-x86_64-debian-clang | 0.1.4 | 191.73 | 212.95 | 404.68 | NOTE | |
r-devel-linux-x86_64-debian-gcc | 0.1.4 | 140.83 | 159.22 | 300.05 | NOTE | |
r-devel-linux-x86_64-fedora-clang | 0.1.4 | 547.75 | NOTE | |||
r-devel-linux-x86_64-fedora-gcc | 0.1.4 | 514.24 | NOTE | |||
r-devel-windows-ix86+x86_64 | 0.1.4 | 449.00 | 491.00 | 940.00 | NOTE | |
r-patched-linux-x86_64 | 0.1.4 | 150.73 | 205.75 | 356.48 | NOTE | |
r-patched-solaris-x86 | 0.1.4 | 730.00 | NOTE | |||
r-release-linux-x86_64 | 0.1.4 | 156.22 | 204.95 | 361.17 | NOTE | |
r-release-windows-ix86+x86_64 | 0.1.4 | 422.00 | 373.00 | 795.00 | NOTE | |
r-release-osx-x86_64 | 0.1.4 | NOTE | ||||
r-oldrel-windows-ix86+x86_64 | 0.1.4 | 445.00 | 468.00 | 913.00 | NOTE | |
r-oldrel-osx-x86_64 | 0.1.4 | NOTE |
Version: 0.1.4
Check: package dependencies
Result: NOTE
Package suggested but not available for checking: 'gurobi'
Flavors: r-devel-linux-x86_64-debian-clang, r-devel-linux-x86_64-debian-gcc, r-devel-linux-x86_64-fedora-clang, r-devel-linux-x86_64-fedora-gcc, r-devel-windows-ix86+x86_64, r-patched-linux-x86_64, r-patched-solaris-x86, r-release-linux-x86_64, r-release-windows-ix86+x86_64, r-release-osx-x86_64, r-oldrel-windows-ix86+x86_64, r-oldrel-osx-x86_64
Version: 0.1.4
Check: installed package size
Result: NOTE
installed size is 17.4Mb
sub-directories of 1Mb or more:
data 3.6Mb
doc 1.4Mb
libs 11.8Mb
Flavors: r-devel-linux-x86_64-fedora-clang, r-devel-windows-ix86+x86_64, r-patched-solaris-x86, r-release-windows-ix86+x86_64, r-release-osx-x86_64, r-oldrel-windows-ix86+x86_64, r-oldrel-osx-x86_64