Last updated on 2019-10-31 00:51:05 CET.
Flavor | Version | Tinstall | Tcheck | Ttotal | Status | Flags |
---|---|---|---|---|---|---|
r-devel-linux-x86_64-debian-clang | 0.1.0 | 6.63 | 116.08 | 122.71 | OK | |
r-devel-linux-x86_64-debian-gcc | 0.1.0 | 4.70 | 88.44 | 93.14 | OK | |
r-devel-linux-x86_64-fedora-clang | 0.1.0 | 142.48 | NOTE | |||
r-devel-linux-x86_64-fedora-gcc | 0.1.0 | 144.19 | NOTE | |||
r-devel-windows-ix86+x86_64 | 0.1.0 | 23.00 | 349.00 | 372.00 | OK | |
r-patched-linux-x86_64 | 0.1.0 | 5.92 | 111.89 | 117.81 | OK | |
r-patched-solaris-x86 | 0.1.0 | 261.40 | NOTE | |||
r-release-linux-x86_64 | 0.1.0 | 6.31 | 113.69 | 120.00 | OK | |
r-release-windows-ix86+x86_64 | 0.1.0 | 17.00 | 277.00 | 294.00 | OK | |
r-release-osx-x86_64 | 0.1.0 | NOTE | ||||
r-oldrel-windows-ix86+x86_64 | 0.1.0 | 9.00 | 362.00 | 371.00 | OK | |
r-oldrel-osx-x86_64 | 0.1.0 | NOTE |
Version: 0.1.0
Check: data for non-ASCII characters
Result: NOTE
Note: found 12 marked UTF-8 strings
Flavors: r-devel-linux-x86_64-fedora-clang, r-devel-linux-x86_64-fedora-gcc, r-patched-solaris-x86, r-release-osx-x86_64, r-oldrel-osx-x86_64