CRAN Package Check Results for Package rbin

Last updated on 2019-10-31 00:51:05 CET.

Flavor Version Tinstall Tcheck Ttotal Status Flags
r-devel-linux-x86_64-debian-clang 0.1.1 3.59 48.39 51.98 OK
r-devel-linux-x86_64-debian-gcc 0.1.1 2.94 37.25 40.19 OK
r-devel-linux-x86_64-fedora-clang 0.1.1 60.83 NOTE
r-devel-linux-x86_64-fedora-gcc 0.1.1 60.61 NOTE
r-devel-windows-ix86+x86_64 0.1.1 16.00 91.00 107.00 OK
r-patched-linux-x86_64 0.1.1 2.80 45.57 48.37 OK
r-patched-solaris-x86 0.1.1 90.20 NOTE
r-release-linux-x86_64 0.1.1 3.38 45.95 49.33 OK
r-release-windows-ix86+x86_64 0.1.1 11.00 79.00 90.00 OK
r-release-osx-x86_64 0.1.1 NOTE
r-oldrel-windows-ix86+x86_64 0.1.1 11.00 104.00 115.00 OK
r-oldrel-osx-x86_64 0.1.1 NOTE

Check Details

Version: 0.1.1
Check: dependencies in R code
Result: NOTE
    Namespace in Imports field not imported from: ‘utils’
     All declared Imports should be used.
Flavors: r-devel-linux-x86_64-fedora-clang, r-devel-linux-x86_64-fedora-gcc, r-patched-solaris-x86, r-release-osx-x86_64, r-oldrel-osx-x86_64