Last updated on 2019-10-31 00:51:05 CET.
Flavor | Version | Tinstall | Tcheck | Ttotal | Status | Flags |
---|---|---|---|---|---|---|
r-devel-linux-x86_64-debian-clang | 1.0.4 | 2.35 | 23.25 | 25.60 | NOTE | |
r-devel-linux-x86_64-debian-gcc | 1.0.4 | 2.09 | 18.82 | 20.91 | NOTE | |
r-devel-linux-x86_64-fedora-clang | 1.0.4 | 31.44 | NOTE | |||
r-devel-linux-x86_64-fedora-gcc | 1.0.4 | 31.07 | NOTE | |||
r-devel-windows-ix86+x86_64 | 1.0.4 | 8.00 | 51.00 | 59.00 | NOTE | |
r-patched-linux-x86_64 | 1.0.4 | 1.86 | 22.63 | 24.49 | NOTE | |
r-patched-solaris-x86 | 1.0.4 | 50.80 | NOTE | |||
r-release-linux-x86_64 | 1.0.4 | 1.92 | 22.80 | 24.72 | NOTE | |
r-release-windows-ix86+x86_64 | 1.0.4 | 10.00 | 52.00 | 62.00 | NOTE | |
r-release-osx-x86_64 | 1.0.4 | NOTE | ||||
r-oldrel-windows-ix86+x86_64 | 1.0.4 | 3.00 | 32.00 | 35.00 | NOTE | |
r-oldrel-osx-x86_64 | 1.0.4 | NOTE |
Version: 1.0.4
Check: R code for possible problems
Result: NOTE
GetHistoricTradeData: no visible global function definition for
'read.csv'
Undefined global functions or variables:
read.csv
Consider adding
importFrom("utils", "read.csv")
to your NAMESPACE file.
Flavors: r-devel-linux-x86_64-debian-clang, r-devel-linux-x86_64-debian-gcc, r-devel-linux-x86_64-fedora-clang, r-devel-linux-x86_64-fedora-gcc, r-devel-windows-ix86+x86_64, r-patched-linux-x86_64, r-patched-solaris-x86, r-release-linux-x86_64, r-release-windows-ix86+x86_64, r-release-osx-x86_64, r-oldrel-windows-ix86+x86_64, r-oldrel-osx-x86_64