CRAN Package Check Results for Package rcdk

Last updated on 2019-10-31 00:51:05 CET.

Flavor Version Tinstall Tcheck Ttotal Status Flags
r-devel-linux-x86_64-debian-clang 3.4.7.1 7.05 106.99 114.04 OK
r-devel-linux-x86_64-debian-gcc 3.4.7.1 5.83 82.60 88.43 OK
r-devel-linux-x86_64-fedora-clang 3.4.7.1 143.89 OK
r-devel-linux-x86_64-fedora-gcc 3.4.7.1 124.46 OK
r-devel-windows-ix86+x86_64 3.4.7.1 15.00 7.00 22.00 ERROR
r-patched-linux-x86_64 3.4.7.1 7.17 107.71 114.88 OK
r-release-linux-x86_64 3.4.7.1 6.90 105.26 112.16 OK
r-release-windows-ix86+x86_64 3.4.7.1 16.00 87.00 103.00 OK
r-release-osx-x86_64 3.4.7.1 OK
r-oldrel-windows-ix86+x86_64 3.4.7.1 8.00 121.00 129.00 OK
r-oldrel-osx-x86_64 3.4.7.1 OK

Check Details

Version: 3.4.7.1
Check: whether package can be installed
Result: ERROR
    Installation failed.
Flavor: r-devel-windows-ix86+x86_64