Last updated on 2019-10-31 00:51:05 CET.
Flavor | Version | Tinstall | Tcheck | Ttotal | Status | Flags |
---|---|---|---|---|---|---|
r-devel-linux-x86_64-debian-clang | 0.8.1 | 2.80 | 21.65 | 24.45 | OK | |
r-devel-linux-x86_64-debian-gcc | 0.8.1 | 2.07 | 17.31 | 19.38 | OK | |
r-devel-linux-x86_64-fedora-clang | 0.8.1 | 29.63 | NOTE | |||
r-devel-linux-x86_64-fedora-gcc | 0.8.1 | 29.34 | NOTE | |||
r-devel-windows-ix86+x86_64 | 0.8.1 | 11.00 | 53.00 | 64.00 | OK | |
r-patched-linux-x86_64 | 0.8.1 | 1.97 | 21.17 | 23.14 | OK | |
r-patched-solaris-x86 | 0.8.1 | 43.00 | NOTE | |||
r-release-linux-x86_64 | 0.8.1 | 2.31 | 21.19 | 23.50 | OK | |
r-release-windows-ix86+x86_64 | 0.8.1 | 11.00 | 35.00 | 46.00 | OK | |
r-release-osx-x86_64 | 0.8.1 | NOTE | ||||
r-oldrel-windows-ix86+x86_64 | 0.8.1 | 3.00 | 53.00 | 56.00 | OK | |
r-oldrel-osx-x86_64 | 0.8.1 | NOTE |
Version: 0.8.1
Check: dependencies in R code
Result: NOTE
Namespace in Imports field not imported from: ‘digest’
All declared Imports should be used.
Flavors: r-devel-linux-x86_64-fedora-clang, r-devel-linux-x86_64-fedora-gcc, r-patched-solaris-x86, r-release-osx-x86_64, r-oldrel-osx-x86_64