Last updated on 2019-10-31 00:51:05 CET.
Flavor | Version | Tinstall | Tcheck | Ttotal | Status | Flags |
---|---|---|---|---|---|---|
r-devel-linux-x86_64-debian-clang | 1.3.1 | 64.28 | 37.93 | 102.21 | OK | |
r-devel-linux-x86_64-debian-gcc | 1.3.1 | 46.41 | 29.83 | 76.24 | OK | |
r-devel-linux-x86_64-fedora-clang | 1.3.1 | 137.46 | NOTE | |||
r-devel-linux-x86_64-fedora-gcc | 1.3.1 | 135.51 | OK | |||
r-devel-windows-ix86+x86_64 | 1.3.1 | 140.00 | 129.00 | 269.00 | OK | |
r-patched-linux-x86_64 | 1.3.1 | 54.09 | 36.35 | 90.44 | OK | |
r-patched-solaris-x86 | 1.3.1 | 131.60 | OK | |||
r-release-linux-x86_64 | 1.3.1 | 49.62 | 36.62 | 86.24 | OK | |
r-release-windows-ix86+x86_64 | 1.3.1 | 138.00 | 89.00 | 227.00 | OK | |
r-release-osx-x86_64 | 1.3.1 | OK | ||||
r-oldrel-windows-ix86+x86_64 | 1.3.1 | 104.00 | 132.00 | 236.00 | OK | |
r-oldrel-osx-x86_64 | 1.3.1 | OK |
Version: 1.3.1
Check: installed package size
Result: NOTE
installed size is 5.3Mb
sub-directories of 1Mb or more:
libs 3.9Mb
Flavor: r-devel-linux-x86_64-fedora-clang