CRAN Package Check Results for Package recexcavAAR

Last updated on 2019-10-31 00:51:05 CET.

Flavor Version Tinstall Tcheck Ttotal Status Flags
r-devel-linux-x86_64-debian-clang 0.3.0 68.13 49.78 117.91 OK
r-devel-linux-x86_64-debian-gcc 0.3.0 48.80 38.85 87.65 OK
r-devel-linux-x86_64-fedora-clang 0.3.0 161.43 NOTE
r-devel-linux-x86_64-fedora-gcc 0.3.0 153.56 OK
r-devel-windows-ix86+x86_64 0.3.0 160.00 127.00 287.00 OK
r-patched-linux-x86_64 0.3.0 60.53 47.02 107.55 OK
r-patched-solaris-x86 0.3.0 148.70 WARN
r-release-linux-x86_64 0.3.0 57.81 47.05 104.86 OK
r-release-windows-ix86+x86_64 0.3.0 152.00 93.00 245.00 OK
r-release-osx-x86_64 0.3.0 WARN
r-oldrel-windows-ix86+x86_64 0.3.0 97.00 123.00 220.00 OK
r-oldrel-osx-x86_64 0.3.0 WARN

Check Details

Version: 0.3.0
Check: installed package size
Result: NOTE
     installed size is 5.8Mb
     sub-directories of 1Mb or more:
     doc 2.5Mb
     libs 3.2Mb
Flavor: r-devel-linux-x86_64-fedora-clang

Version: 0.3.0
Check: re-building of vignette outputs
Result: WARN
    Error(s) in re-building vignettes:
     ...
    --- re-building ‘recexcavAAR-vignette-1.Rmd’ using rmarkdown
    Warning in engine$weave(file, quiet = quiet, encoding = enc) :
     Pandoc (>= 1.12.3) and/or pandoc-citeproc not available. Falling back to R Markdown v1.
    Quitting from lines 13-17 (recexcavAAR-vignette-1.Rmd)
    Error: processing vignette 'recexcavAAR-vignette-1.Rmd' failed with diagnostics:
    These vignettes assume pandoc version 1.13.1; older versions will not work.
    --- failed re-building ‘recexcavAAR-vignette-1.Rmd’
    
    --- re-building ‘recexcavAAR-vignette-2.Rmd’ using rmarkdown
    Warning in engine$weave(file, quiet = quiet, encoding = enc) :
     Pandoc (>= 1.12.3) and/or pandoc-citeproc not available. Falling back to R Markdown v1.
    Quitting from lines 13-17 (recexcavAAR-vignette-2.Rmd)
    Error: processing vignette 'recexcavAAR-vignette-2.Rmd' failed with diagnostics:
    These vignettes assume pandoc version 1.13.1; older versions will not work.
    --- failed re-building ‘recexcavAAR-vignette-2.Rmd’
    
    --- re-building ‘recexcavAAR-vignette-3.Rmd’ using rmarkdown
    Warning in engine$weave(file, quiet = quiet, encoding = enc) :
     Pandoc (>= 1.12.3) and/or pandoc-citeproc not available. Falling back to R Markdown v1.
    Quitting from lines 13-17 (recexcavAAR-vignette-3.Rmd)
    Error: processing vignette 'recexcavAAR-vignette-3.Rmd' failed with diagnostics:
    These vignettes assume pandoc version 1.13.1; older versions will not work.
    --- failed re-building ‘recexcavAAR-vignette-3.Rmd’
    
    SUMMARY: processing the following files failed:
     ‘recexcavAAR-vignette-1.Rmd’ ‘recexcavAAR-vignette-2.Rmd’
     ‘recexcavAAR-vignette-3.Rmd’
    
    Error: Vignette re-building failed.
    Execution halted
Flavor: r-patched-solaris-x86

Version: 0.3.0
Check: re-building of vignette outputs
Result: WARN
    Error(s) in re-building vignettes:
    --- re-building ‘recexcavAAR-vignette-1.Rmd’ using rmarkdown
    Warning in engine$weave(file, quiet = quiet, encoding = enc) :
     Pandoc (>= 1.12.3) and/or pandoc-citeproc not available. Falling back to R Markdown v1.
    Quitting from lines 13-17 (recexcavAAR-vignette-1.Rmd)
    Error: processing vignette 'recexcavAAR-vignette-1.Rmd' failed with diagnostics:
    These vignettes assume pandoc version 1.13.1; older versions will not work.
    --- failed re-building ‘recexcavAAR-vignette-1.Rmd’
    
    --- re-building ‘recexcavAAR-vignette-2.Rmd’ using rmarkdown
    Warning in engine$weave(file, quiet = quiet, encoding = enc) :
     Pandoc (>= 1.12.3) and/or pandoc-citeproc not available. Falling back to R Markdown v1.
    Quitting from lines 13-17 (recexcavAAR-vignette-2.Rmd)
    Error: processing vignette 'recexcavAAR-vignette-2.Rmd' failed with diagnostics:
    These vignettes assume pandoc version 1.13.1; older versions will not work.
    --- failed re-building ‘recexcavAAR-vignette-2.Rmd’
    
    --- re-building ‘recexcavAAR-vignette-3.Rmd’ using rmarkdown
    Warning in engine$weave(file, quiet = quiet, encoding = enc) :
     Pandoc (>= 1.12.3) and/or pandoc-citeproc not available. Falling back to R Markdown v1.
    Quitting from lines 13-17 (recexcavAAR-vignette-3.Rmd)
    Error: processing vignette 'recexcavAAR-vignette-3.Rmd' failed with diagnostics:
    These vignettes assume pandoc version 1.13.1; older versions will not work.
    --- failed re-building ‘recexcavAAR-vignette-3.Rmd’
    
    SUMMARY: processing the following files failed:
     ‘recexcavAAR-vignette-1.Rmd’ ‘recexcavAAR-vignette-2.Rmd’
     ‘recexcavAAR-vignette-3.Rmd’
    
    Error: Vignette re-building failed.
    Execution halted
Flavor: r-release-osx-x86_64

Version: 0.3.0
Check: re-building of vignette outputs
Result: WARN
    Error in re-building vignettes:
     ...
    Warning in engine$weave(file, quiet = quiet, encoding = enc) :
     Pandoc (>= 1.12.3) and/or pandoc-citeproc not available. Falling back to R Markdown v1.
    Quitting from lines 13-17 (recexcavAAR-vignette-1.Rmd)
    Error: processing vignette 'recexcavAAR-vignette-1.Rmd' failed with diagnostics:
    These vignettes assume pandoc version 1.13.1; older versions will not work.
    Execution halted
Flavor: r-oldrel-osx-x86_64