CRAN Package Check Results for Package rerf

Last updated on 2019-10-31 00:51:05 CET.

Flavor Version Tinstall Tcheck Ttotal Status Flags
r-devel-linux-x86_64-debian-clang 2.0.4 73.44 126.07 199.51 NOTE
r-devel-linux-x86_64-debian-gcc 2.0.4 49.27 95.88 145.15 NOTE
r-devel-linux-x86_64-fedora-clang 2.0.4 255.88 NOTE
r-devel-linux-x86_64-fedora-gcc 2.0.4 240.71 NOTE
r-devel-windows-ix86+x86_64 2.0.4 189.00 292.00 481.00 NOTE
r-patched-linux-x86_64 2.0.4 56.23 121.32 177.55 OK
r-patched-solaris-x86 2.0.4 261.90 OK
r-release-linux-x86_64 2.0.4 50.99 123.71 174.70 OK
r-release-windows-ix86+x86_64 2.0.4 193.00 218.00 411.00 OK
r-release-osx-x86_64 2.0.4 NOTE
r-oldrel-windows-ix86+x86_64 2.0.4 135.00 300.00 435.00 OK
r-oldrel-osx-x86_64 2.0.4 OK

Check Details

Version: 2.0.4
Check: use of PKG_*FLAGS in Makefiles
Result: NOTE
     PKG_CFLAGS set in 'src/Makevars' without any corresponding files
Flavors: r-devel-linux-x86_64-debian-clang, r-devel-linux-x86_64-debian-gcc, r-devel-linux-x86_64-fedora-clang, r-devel-linux-x86_64-fedora-gcc, r-devel-windows-ix86+x86_64

Version: 2.0.4
Check: for non-standard things in the check directory
Result: NOTE
    Found the following files/directories:
     'forest.out'
Flavors: r-devel-linux-x86_64-debian-clang, r-devel-linux-x86_64-debian-gcc, r-devel-linux-x86_64-fedora-clang, r-devel-linux-x86_64-fedora-gcc

Version: 2.0.4
Check: installed package size
Result: NOTE
     installed size is 5.1Mb
     sub-directories of 1Mb or more:
     data 3.1Mb
     libs 1.8Mb
Flavor: r-release-osx-x86_64