Last updated on 2019-10-31 00:51:05 CET.
Flavor | Version | Tinstall | Tcheck | Ttotal | Status | Flags |
---|---|---|---|---|---|---|
r-devel-linux-x86_64-debian-clang | 0.4.0 | 12.11 | 71.34 | 83.45 | OK | |
r-devel-linux-x86_64-debian-gcc | 0.4.0 | 7.55 | 53.53 | 61.08 | OK | |
r-devel-linux-x86_64-fedora-clang | 0.4.0 | 95.82 | NOTE | |||
r-devel-linux-x86_64-fedora-gcc | 0.4.0 | 94.37 | NOTE | |||
r-devel-windows-ix86+x86_64 | 0.4.0 | 46.00 | 119.00 | 165.00 | OK | |
r-patched-linux-x86_64 | 0.4.0 | 11.52 | 67.64 | 79.16 | OK | |
r-patched-solaris-x86 | 0.4.0 | 133.30 | NOTE | |||
r-release-linux-x86_64 | 0.4.0 | 11.29 | 68.03 | 79.32 | OK | |
r-release-windows-ix86+x86_64 | 0.4.0 | 36.00 | 85.00 | 121.00 | OK | |
r-release-osx-x86_64 | 0.4.0 | NOTE | ||||
r-oldrel-windows-ix86+x86_64 | 0.4.0 | 25.00 | 131.00 | 156.00 | OK | |
r-oldrel-osx-x86_64 | 0.4.0 | NOTE |
Version: 0.4.0
Check: dependencies in R code
Result: NOTE
Namespace in Imports field not imported from: ‘SnowballC’
All declared Imports should be used.
Flavors: r-devel-linux-x86_64-fedora-clang, r-devel-linux-x86_64-fedora-gcc, r-patched-solaris-x86, r-release-osx-x86_64, r-oldrel-osx-x86_64