Last updated on 2019-10-31 00:51:05 CET.
Flavor | Version | Tinstall | Tcheck | Ttotal | Status | Flags |
---|---|---|---|---|---|---|
r-devel-linux-x86_64-debian-clang | 1.2.1 | 2.07 | 47.27 | 49.34 | NOTE | |
r-devel-linux-x86_64-debian-gcc | 1.2.1 | 1.55 | 36.97 | 38.52 | NOTE | |
r-devel-linux-x86_64-fedora-clang | 1.2.1 | 60.44 | NOTE | |||
r-devel-linux-x86_64-fedora-gcc | 1.2.1 | 58.94 | NOTE | |||
r-devel-windows-ix86+x86_64 | 1.2.1 | 6.00 | 73.00 | 79.00 | NOTE | |
r-patched-linux-x86_64 | 1.2.1 | 1.74 | 44.19 | 45.93 | NOTE | |
r-patched-solaris-x86 | 1.2.1 | 79.30 | NOTE | |||
r-release-linux-x86_64 | 1.2.1 | 1.68 | 44.16 | 45.84 | NOTE | |
r-release-windows-ix86+x86_64 | 1.2.1 | 4.00 | 74.00 | 78.00 | NOTE | |
r-release-osx-x86_64 | 1.2.1 | NOTE | ||||
r-oldrel-windows-ix86+x86_64 | 1.2.1 | 2.00 | 61.00 | 63.00 | NOTE | |
r-oldrel-osx-x86_64 | 1.2.1 | NOTE |
Version: 1.2.1
Check: R code for possible problems
Result: NOTE
plot.reweight: no visible global function definition for 'par'
plot.reweight: no visible global function definition for 'plot'
plot.reweight: no visible global function definition for 'density'
plot.reweight: no visible global function definition for 'rug'
reweight: no visible global function definition for 'aggregate'
search.best.h: no visible global function definition for 'quantile'
Undefined global functions or variables:
aggregate density par plot quantile rug
Consider adding
importFrom("graphics", "par", "plot", "rug")
importFrom("stats", "aggregate", "density", "quantile")
to your NAMESPACE file.
Flavors: r-devel-linux-x86_64-debian-clang, r-devel-linux-x86_64-debian-gcc, r-devel-linux-x86_64-fedora-clang, r-devel-linux-x86_64-fedora-gcc, r-devel-windows-ix86+x86_64, r-patched-linux-x86_64, r-patched-solaris-x86, r-release-linux-x86_64, r-release-windows-ix86+x86_64, r-release-osx-x86_64, r-oldrel-windows-ix86+x86_64, r-oldrel-osx-x86_64