Last updated on 2019-10-31 00:51:05 CET.
Flavor | Version | Tinstall | Tcheck | Ttotal | Status | Flags |
---|---|---|---|---|---|---|
r-devel-linux-x86_64-debian-clang | 1.1.2 | 2.73 | 27.63 | 30.36 | OK | |
r-devel-linux-x86_64-debian-gcc | 1.1.2 | 1.81 | 21.63 | 23.44 | OK | |
r-devel-linux-x86_64-fedora-clang | 1.1.2 | 36.36 | OK | |||
r-devel-linux-x86_64-fedora-gcc | 1.1.2 | 36.64 | OK | |||
r-devel-windows-ix86+x86_64 | 1.1.2 | 11.00 | 60.00 | 71.00 | OK | |
r-patched-linux-x86_64 | 1.1.2 | 2.04 | 26.41 | 28.45 | OK | |
r-patched-solaris-x86 | 1.1.2 | 53.60 | OK | |||
r-release-linux-x86_64 | 1.1.2 | 2.14 | 26.63 | 28.77 | OK | |
r-release-windows-ix86+x86_64 | 1.1.2 | 8.00 | 38.00 | 46.00 | OK | |
r-release-osx-x86_64 | 1.1.2 | WARN | ||||
r-oldrel-windows-ix86+x86_64 | 1.1.2 | 4.00 | 60.00 | 64.00 | OK | |
r-oldrel-osx-x86_64 | 1.1.2 | OK |
Version: 1.1.2
Check: re-building of vignette outputs
Result: WARN
Error(s) in re-building vignettes:
...
--- re-building ‘log_parsing.Rmd’ using rmarkdown
Warning in engine$weave(file, quiet = quiet, encoding = enc) :
Pandoc (>= 1.12.3) and/or pandoc-citeproc not available. Falling back to R Markdown v1.
Read 1000 items
`stat_bin()` using `bins = 30`. Pick better value with `binwidth`.
--- finished re-building ‘log_parsing.Rmd’
--- re-building ‘url_parsing.Rmd’ using rmarkdown
Warning in engine$weave(file, quiet = quiet, encoding = enc) :
Pandoc (>= 1.12.3) and/or pandoc-citeproc not available. Falling back to R Markdown v1.
Error: processing vignette 'url_parsing.Rmd' failed with diagnostics:
there is no package called 'stringi'
--- failed re-building ‘url_parsing.Rmd’
SUMMARY: processing the following file failed:
‘url_parsing.Rmd’
Error: Vignette re-building failed.
Execution halted
Flavor: r-release-osx-x86_64