Last updated on 2019-10-31 00:51:06 CET.
Flavor | Version | Tinstall | Tcheck | Ttotal | Status | Flags |
---|---|---|---|---|---|---|
r-devel-linux-x86_64-debian-clang | 2.1.22 | 30.16 | 33.24 | 63.40 | WARN | |
r-devel-linux-x86_64-debian-gcc | 2.1.22 | 13.40 | 26.77 | 40.17 | WARN | |
r-devel-linux-x86_64-fedora-clang | 2.1.22 | 75.48 | NOTE | |||
r-devel-linux-x86_64-fedora-gcc | 2.1.22 | 63.87 | NOTE | |||
r-devel-windows-ix86+x86_64 | 2.1.22 | 291.00 | 8.00 | 299.00 | ERROR | |
r-patched-linux-x86_64 | 2.1.22 | 15.24 | 32.39 | 47.63 | NOTE | |
r-release-linux-x86_64 | 2.1.22 | 16.30 | 32.65 | 48.95 | NOTE | |
r-release-windows-ix86+x86_64 | 2.1.22 | 157.00 | 54.00 | 211.00 | NOTE | |
r-release-osx-x86_64 | 2.1.22 | ERROR | ||||
r-oldrel-windows-ix86+x86_64 | 2.1.22 | 108.00 | 77.00 | 185.00 | OK | |
r-oldrel-osx-x86_64 | 2.1.22 | ERROR |
Version: 2.1.22
Check: whether package can be installed
Result: WARN
Found the following significant warnings:
/usr/include/gtk-2.0/gtk/gtktypeutils.h:236:34: warning: 'GTypeDebugFlags' is deprecated [-Wdeprecated-declarations]
/usr/include/gtk-2.0/gtk/gtktooltips.h:73:3: warning: 'GTimeVal' is deprecated: Use 'GDateTime' instead [-Wdeprecated-declarations]
Flavor: r-devel-linux-x86_64-debian-clang
Version: 2.1.22
Check: top-level files
Result: NOTE
Found a 'configure.in' file: 'configure.ac' has long been preferred.
Output from running autoreconf:
aclocal: warning: autoconf input should be named 'configure.ac', not 'configure.in'
Flavors: r-devel-linux-x86_64-debian-clang, r-devel-linux-x86_64-debian-gcc, r-devel-linux-x86_64-fedora-clang, r-devel-linux-x86_64-fedora-gcc, r-patched-linux-x86_64, r-release-linux-x86_64
Version: 2.1.22
Check: whether package can be installed
Result: WARN
Found the following significant warnings:
/usr/include/gtk-2.0/gtk/gtktypeutils.h:236:1: warning: ‘GTypeDebugFlags’ is deprecated [-Wdeprecated-declarations]
/usr/include/gtk-2.0/gtk/gtktooltips.h:73:3: warning: ‘GTimeVal’ is deprecated: Use 'GDateTime' instead [-Wdeprecated-declarations]
Flavor: r-devel-linux-x86_64-debian-gcc
Version: 2.1.22
Check: whether package can be installed
Result: ERROR
Installation failed.
Flavors: r-devel-windows-ix86+x86_64, r-release-osx-x86_64, r-oldrel-osx-x86_64
Version: 2.1.22
Check: top-level files
Result: NOTE
Found a 'configure.in' file: 'configure.ac' has long been preferred.
Flavor: r-release-windows-ix86+x86_64