Last updated on 2019-10-31 00:51:06 CET.
Flavor | Version | Tinstall | Tcheck | Ttotal | Status | Flags |
---|---|---|---|---|---|---|
r-devel-linux-x86_64-debian-clang | 1.6.2 | 14.32 | 36.83 | 51.15 | NOTE | |
r-devel-linux-x86_64-debian-gcc | 1.6.2 | 10.76 | 27.88 | 38.64 | NOTE | |
r-devel-linux-x86_64-fedora-clang | 1.6.2 | 61.39 | NOTE | |||
r-devel-linux-x86_64-fedora-gcc | 1.6.2 | 60.84 | NOTE | |||
r-devel-windows-ix86+x86_64 | 1.6.2 | 32.00 | 92.00 | 124.00 | OK | |
r-patched-linux-x86_64 | 1.6.2 | 12.75 | 34.72 | 47.47 | OK | |
r-patched-solaris-x86 | 1.6.2 | 78.50 | OK | |||
r-release-linux-x86_64 | 1.6.2 | 12.77 | 34.38 | 47.15 | OK | |
r-release-windows-ix86+x86_64 | 1.6.2 | 30.00 | 75.00 | 105.00 | OK | |
r-release-osx-x86_64 | 1.6.2 | OK | ||||
r-oldrel-windows-ix86+x86_64 | 1.6.2 | 19.00 | 103.00 | 122.00 | OK | |
r-oldrel-osx-x86_64 | 1.6.2 | OK |
Version: 1.6.2
Check: for non-standard things in the check directory
Result: NOTE
Found the following files/directories:
'file.out'
Flavors: r-devel-linux-x86_64-debian-clang, r-devel-linux-x86_64-debian-gcc, r-devel-linux-x86_64-fedora-clang, r-devel-linux-x86_64-fedora-gcc