CRAN Package Check Results for Package rocTree

Last updated on 2019-10-31 00:51:06 CET.

Flavor Version Tinstall Tcheck Ttotal Status Flags
r-devel-linux-x86_64-debian-clang 1.1.0 149.70 97.73 247.43 OK
r-devel-linux-x86_64-debian-gcc 1.1.0 114.74 75.66 190.40 OK
r-devel-linux-x86_64-fedora-clang 1.1.0 327.81 NOTE
r-devel-linux-x86_64-fedora-gcc 1.1.0 320.47 OK
r-devel-windows-ix86+x86_64 1.1.0 374.00 255.00 629.00 OK
r-patched-linux-x86_64 1.1.0 116.43 94.57 211.00 OK
r-patched-solaris-x86 1.1.0 85.30 ERROR
r-release-linux-x86_64 1.1.0 109.37 92.98 202.35 OK
r-release-windows-ix86+x86_64 1.1.0 357.00 147.00 504.00 OK
r-release-osx-x86_64 1.1.0 NOTE
r-oldrel-windows-ix86+x86_64 1.1.0 399.00 220.00 619.00 OK
r-oldrel-osx-x86_64 1.1.0 NOTE

Check Details

Version: 1.1.0
Check: installed package size
Result: NOTE
     installed size is 7.1Mb
     sub-directories of 1Mb or more:
     libs 6.9Mb
Flavors: r-devel-linux-x86_64-fedora-clang, r-release-osx-x86_64, r-oldrel-osx-x86_64

Version: 1.1.0
Check: whether package can be installed
Result: ERROR
    Installation failed.
Flavor: r-patched-solaris-x86