CRAN Package Check Results for Package rorcid

Last updated on 2019-10-31 00:51:06 CET.

Flavor Version Tinstall Tcheck Ttotal Status Flags
r-devel-linux-x86_64-debian-clang 0.5.0 4.34 33.12 37.46 OK
r-devel-linux-x86_64-debian-gcc 0.5.0 3.29 26.79 30.08 OK
r-devel-linux-x86_64-fedora-clang 0.5.0 45.55 NOTE
r-devel-linux-x86_64-fedora-gcc 0.5.0 44.93 NOTE
r-devel-windows-ix86+x86_64 0.5.0 14.00 92.00 106.00 OK
r-patched-linux-x86_64 0.5.0 3.61 32.05 35.66 OK
r-patched-solaris-x86 0.5.0 67.10 NOTE
r-release-linux-x86_64 0.5.0 3.96 32.72 36.68 OK
r-release-windows-ix86+x86_64 0.5.0 15.00 47.00 62.00 OK
r-release-osx-x86_64 0.5.0 NOTE
r-oldrel-windows-ix86+x86_64 0.5.0 6.00 70.00 76.00 OK
r-oldrel-osx-x86_64 0.5.0 NOTE

Check Details

Version: 0.5.0
Check: data for non-ASCII characters
Result: NOTE
     Note: found 7645 marked UTF-8 strings
Flavors: r-devel-linux-x86_64-fedora-clang, r-devel-linux-x86_64-fedora-gcc, r-patched-solaris-x86, r-release-osx-x86_64, r-oldrel-osx-x86_64